{"id":21138,"date":"2026-02-02T17:15:17","date_gmt":"2026-02-02T17:15:17","guid":{"rendered":"https:\/\/aprem-e.org\/?page_id=21138"},"modified":"2026-02-02T17:26:43","modified_gmt":"2026-02-02T17:26:43","slug":"blog","status":"publish","type":"page","link":"https:\/\/aprem-e.org\/index.php\/blog\/","title":{"rendered":"Blog"},"content":{"rendered":"\t\t<div data-elementor-type=\"wp-page\" data-elementor-id=\"21138\" class=\"elementor elementor-21138\" data-elementor-post-type=\"page\">\n\t\t\t\t<div class=\"elementor-element elementor-element-45027f7 e-flex e-con-boxed e-con e-parent\" data-id=\"45027f7\" data-element_type=\"container\" data-e-type=\"container\">\n\t\t\t\t\t<div class=\"e-con-inner\">\n\t\t\t\t<div class=\"elementor-element elementor-element-cb1586b elementor-grid-3 elementor-grid-tablet-2 elementor-grid-mobile-1 elementor-posts--thumbnail-top elementor-posts--show-avatar elementor-card-shadow-yes elementor-posts__hover-gradient elementor-widget elementor-widget-posts\" data-id=\"cb1586b\" data-element_type=\"widget\" data-e-type=\"widget\" data-settings=\"{&quot;pagination_type&quot;:&quot;numbers&quot;,&quot;cards_columns&quot;:&quot;3&quot;,&quot;cards_columns_tablet&quot;:&quot;2&quot;,&quot;cards_columns_mobile&quot;:&quot;1&quot;,&quot;cards_row_gap&quot;:{&quot;unit&quot;:&quot;px&quot;,&quot;size&quot;:35,&quot;sizes&quot;:[]},&quot;cards_row_gap_tablet&quot;:{&quot;unit&quot;:&quot;px&quot;,&quot;size&quot;:&quot;&quot;,&quot;sizes&quot;:[]},&quot;cards_row_gap_mobile&quot;:{&quot;unit&quot;:&quot;px&quot;,&quot;size&quot;:&quot;&quot;,&quot;sizes&quot;:[]}}\" data-widget_type=\"posts.cards\">\n\t\t\t\t<div class=\"elementor-widget-container\">\n\t\t\t\t\t\t\t<div class=\"elementor-posts-container elementor-posts elementor-posts--skin-cards elementor-grid\" role=\"list\">\n\t\t\t\t<article class=\"elementor-post elementor-grid-item post-21137 post type-post status-publish format-standard has-post-thumbnail hentry category-blog category-noticias tag-ayudas-y-prestaciones tag-derechosbebesprematuros-org tag-ninos-prematuros tag-recien-nadido\" role=\"listitem\">\n\t\t\t<div class=\"elementor-post__card\">\n\t\t\t\t<a class=\"elementor-post__thumbnail__link\" href=\"https:\/\/aprem-e.org\/index.php\/2025\/07\/30\/nace-derechosbebesprematuros-org-una-nueva-web-pensada-para-ayudarte\/\" tabindex=\"-1\" target=\"_blank\"><div class=\"elementor-post__thumbnail\"><img decoding=\"async\" width=\"150\" height=\"150\" src=\"https:\/\/aprem-e.org\/wp-content\/uploads\/2025\/07\/1-3-1-150x150-1.png\" class=\"attachment-medium size-medium wp-image-21401\" alt=\"\" \/><\/div><\/a>\n\t\t\t\t<div class=\"elementor-post__badge\">Blog<\/div>\n\t\t\t\t<div class=\"elementor-post__avatar\">\n\t\t\t\t\t<\/div>\n\t\t\t\t<div class=\"elementor-post__text\">\n\t\t\t\t<h3 class=\"elementor-post__title\">\n\t\t\t<a href=\"https:\/\/aprem-e.org\/index.php\/2025\/07\/30\/nace-derechosbebesprematuros-org-una-nueva-web-pensada-para-ayudarte\/\" target=&quot;_blank&quot;>\n\t\t\t\tNace derechosbebesprematuros.org: una nueva web pensada para ayudarte\t\t\t<\/a>\n\t\t<\/h3>\n\t\t\t\t<div class=\"elementor-post__excerpt\">\n\t\t\t<p>En APREM llevamos m\u00e1s de 26 a\u00f1os acompa\u00f1ando a familias de beb\u00e9s prematuros. Sabemos que el nacimiento prematuro es mucho m\u00e1s que una fecha inesperada; es un cambio de planes, una carrera de fondo, una etapa que empieza antes de tiempo y que a menudo llega sin manual de instrucciones.<\/p>\n\t\t<\/div>\n\t\t\n\t\t<a class=\"elementor-post__read-more\" href=\"https:\/\/aprem-e.org\/index.php\/2025\/07\/30\/nace-derechosbebesprematuros-org-una-nueva-web-pensada-para-ayudarte\/\" aria-label=\"Read more about Nace derechosbebesprematuros.org: una nueva web pensada para ayudarte\" tabindex=\"-1\" target=\"_blank\">\n\t\t\tLeer m\u00e1s\t\t<\/a>\n\n\t\t\t\t<\/div>\n\t\t\t\t<div class=\"elementor-post__meta-data\">\n\t\t\t\t\t<span class=\"elementor-post-date\">\n\t\t\tjulio 30, 2025\t\t<\/span>\n\t\t\t\t<span class=\"elementor-post-avatar\">\n\t\t\tNo hay comentarios\t\t<\/span>\n\t\t\t\t<\/div>\n\t\t\t\t\t<\/div>\n\t\t<\/article>\n\t\t\t\t<article class=\"elementor-post elementor-grid-item post-20870 post type-post status-publish format-standard has-post-thumbnail hentry category-blog category-noticias\" role=\"listitem\">\n\t\t\t<div class=\"elementor-post__card\">\n\t\t\t\t<a class=\"elementor-post__thumbnail__link\" href=\"https:\/\/aprem-e.org\/index.php\/2025\/02\/21\/taller-online-gratuito-impartido-por-logopeda-belen-ordonez-miyar-me-van-a-dar-el-alta-y-ahora-que-alimentacion-en-el-prematuro-del-hospital-a-casa\/\" tabindex=\"-1\" target=\"_blank\"><div class=\"elementor-post__thumbnail\"><img fetchpriority=\"high\" decoding=\"async\" width=\"300\" height=\"169\" src=\"https:\/\/aprem-e.org\/wp-content\/uploads\/2025\/02\/Anadir-un-poco-de-texto-2-1024x576-1-300x169.png\" class=\"attachment-medium size-medium wp-image-21406\" alt=\"\" srcset=\"https:\/\/aprem-e.org\/wp-content\/uploads\/2025\/02\/Anadir-un-poco-de-texto-2-1024x576-1-300x169.png 300w, https:\/\/aprem-e.org\/wp-content\/uploads\/2025\/02\/Anadir-un-poco-de-texto-2-1024x576-1-768x432.png 768w, https:\/\/aprem-e.org\/wp-content\/uploads\/2025\/02\/Anadir-un-poco-de-texto-2-1024x576-1.png 1024w\" sizes=\"(max-width: 300px) 100vw, 300px\" \/><\/div><\/a>\n\t\t\t\t<div class=\"elementor-post__badge\">Blog<\/div>\n\t\t\t\t<div class=\"elementor-post__avatar\">\n\t\t\t\t\t<\/div>\n\t\t\t\t<div class=\"elementor-post__text\">\n\t\t\t\t<h3 class=\"elementor-post__title\">\n\t\t\t<a href=\"https:\/\/aprem-e.org\/index.php\/2025\/02\/21\/taller-online-gratuito-impartido-por-logopeda-belen-ordonez-miyar-me-van-a-dar-el-alta-y-ahora-que-alimentacion-en-el-prematuro-del-hospital-a-casa\/\" target=&quot;_blank&quot;>\n\t\t\t\tTaller online gratuito impartido por Bel\u00e9n Ord\u00f3\u00f1ez-Miyar, logopeda: Me van a dar el alta, \u00bfy ahora qu\u00e9? Alimentaci\u00f3n en el prematuro, del hospital a casa.\t\t\t<\/a>\n\t\t<\/h3>\n\t\t\t\t<div class=\"elementor-post__excerpt\">\n\t\t\t<p>La alimentaci\u00f3n de un beb\u00e9 prematuro puede presentar desaf\u00edos \u00fanicos, y la transici\u00f3n del hospital al hogar es un momento lleno de dudas para muchas familias.<\/p>\n\t\t<\/div>\n\t\t\n\t\t<a class=\"elementor-post__read-more\" href=\"https:\/\/aprem-e.org\/index.php\/2025\/02\/21\/taller-online-gratuito-impartido-por-logopeda-belen-ordonez-miyar-me-van-a-dar-el-alta-y-ahora-que-alimentacion-en-el-prematuro-del-hospital-a-casa\/\" aria-label=\"Read more about Taller online gratuito impartido por Bel\u00e9n Ord\u00f3\u00f1ez-Miyar, logopeda: Me van a dar el alta, \u00bfy ahora qu\u00e9? Alimentaci\u00f3n en el prematuro, del hospital a casa.\" tabindex=\"-1\" target=\"_blank\">\n\t\t\tLeer m\u00e1s\t\t<\/a>\n\n\t\t\t\t<\/div>\n\t\t\t\t<div class=\"elementor-post__meta-data\">\n\t\t\t\t\t<span class=\"elementor-post-date\">\n\t\t\tfebrero 21, 2025\t\t<\/span>\n\t\t\t\t<span class=\"elementor-post-avatar\">\n\t\t\tNo hay comentarios\t\t<\/span>\n\t\t\t\t<\/div>\n\t\t\t\t\t<\/div>\n\t\t<\/article>\n\t\t\t\t<article class=\"elementor-post elementor-grid-item post-20425 post type-post status-publish format-standard has-post-thumbnail hentry category-children category-education category-familia category-sin-categoria\" role=\"listitem\">\n\t\t\t<div class=\"elementor-post__card\">\n\t\t\t\t<a class=\"elementor-post__thumbnail__link\" href=\"https:\/\/aprem-e.org\/index.php\/2024\/05\/17\/la-importancia-de-la-leche-materna-y-los-bancos-de-leche-materna\/\" tabindex=\"-1\" target=\"_blank\"><div class=\"elementor-post__thumbnail\"><img decoding=\"async\" width=\"300\" height=\"170\" src=\"https:\/\/aprem-e.org\/wp-content\/uploads\/2024\/05\/banco-de-leche-1000x565-1-300x170.jpg\" class=\"attachment-medium size-medium wp-image-21413\" alt=\"\" srcset=\"https:\/\/aprem-e.org\/wp-content\/uploads\/2024\/05\/banco-de-leche-1000x565-1-300x170.jpg 300w, https:\/\/aprem-e.org\/wp-content\/uploads\/2024\/05\/banco-de-leche-1000x565-1-768x434.jpg 768w, https:\/\/aprem-e.org\/wp-content\/uploads\/2024\/05\/banco-de-leche-1000x565-1.jpg 1000w\" sizes=\"(max-width: 300px) 100vw, 300px\" \/><\/div><\/a>\n\t\t\t\t<div class=\"elementor-post__badge\">Children<\/div>\n\t\t\t\t<div class=\"elementor-post__avatar\">\n\t\t\t\t\t<\/div>\n\t\t\t\t<div class=\"elementor-post__text\">\n\t\t\t\t<h3 class=\"elementor-post__title\">\n\t\t\t<a href=\"https:\/\/aprem-e.org\/index.php\/2024\/05\/17\/la-importancia-de-la-leche-materna-y-los-bancos-de-leche-materna\/\" target=&quot;_blank&quot;>\n\t\t\t\tLa importancia de la leche materna y los bancos de leche materna\t\t\t<\/a>\n\t\t<\/h3>\n\t\t\t\t<div class=\"elementor-post__excerpt\">\n\t\t\t<p>En el proceso de mejora de un ni\u00f1o prematuro, numerosos factores desempe\u00f1an un papel crucial, desde la semana de gestaci\u00f3n en la que nace hasta<\/p>\n\t\t<\/div>\n\t\t\n\t\t<a class=\"elementor-post__read-more\" href=\"https:\/\/aprem-e.org\/index.php\/2024\/05\/17\/la-importancia-de-la-leche-materna-y-los-bancos-de-leche-materna\/\" aria-label=\"Read more about La importancia de la leche materna y los bancos de leche materna\" tabindex=\"-1\" target=\"_blank\">\n\t\t\tLeer m\u00e1s\t\t<\/a>\n\n\t\t\t\t<\/div>\n\t\t\t\t<div class=\"elementor-post__meta-data\">\n\t\t\t\t\t<span class=\"elementor-post-date\">\n\t\t\tmayo 17, 2024\t\t<\/span>\n\t\t\t\t<span class=\"elementor-post-avatar\">\n\t\t\t15 comentarios\t\t<\/span>\n\t\t\t\t<\/div>\n\t\t\t\t\t<\/div>\n\t\t<\/article>\n\t\t\t\t<article class=\"elementor-post elementor-grid-item post-20184 post type-post status-publish format-standard has-post-thumbnail hentry category-blog category-desarrollo category-informacion category-ninos-prematuros category-novedades category-profesionales\" role=\"listitem\">\n\t\t\t<div class=\"elementor-post__card\">\n\t\t\t\t<div class=\"elementor-post__text\">\n\t\t\t\t<h3 class=\"elementor-post__title\">\n\t\t\t<a href=\"https:\/\/aprem-e.org\/index.php\/2024\/03\/12\/equipos-de-rehabilitacion-quien-es-quien\/\" target=&quot;_blank&quot;>\n\t\t\t\tEquipos de Rehabilitaci\u00f3n: \u00bfqui\u00e9n es qui\u00e9n?\t\t\t<\/a>\n\t\t<\/h3>\n\t\t\t\t<div class=\"elementor-post__excerpt\">\n\t\t\t<p>Es posible que hay\u00e1is o\u00eddo hablar o que os encontr\u00e9is en pleno proceso de rehabilitaci\u00f3n con vuestros hijos o vuestras hijas. Los servicios de Rehabilitaci\u00f3n<\/p>\n\t\t<\/div>\n\t\t\n\t\t<a class=\"elementor-post__read-more\" href=\"https:\/\/aprem-e.org\/index.php\/2024\/03\/12\/equipos-de-rehabilitacion-quien-es-quien\/\" aria-label=\"Read more about Equipos de Rehabilitaci\u00f3n: \u00bfqui\u00e9n es qui\u00e9n?\" tabindex=\"-1\" target=\"_blank\">\n\t\t\tLeer m\u00e1s\t\t<\/a>\n\n\t\t\t\t<\/div>\n\t\t\t\t<div class=\"elementor-post__meta-data\">\n\t\t\t\t\t<span class=\"elementor-post-date\">\n\t\t\tmarzo 12, 2024\t\t<\/span>\n\t\t\t\t<span class=\"elementor-post-avatar\">\n\t\t\t1 comentario\t\t<\/span>\n\t\t\t\t<\/div>\n\t\t\t\t\t<\/div>\n\t\t<\/article>\n\t\t\t\t<article class=\"elementor-post elementor-grid-item post-20145 post type-post status-publish format-standard has-post-thumbnail hentry category-desarrollo category-ninos-prematuros category-novedades category-profesionales\" role=\"listitem\">\n\t\t\t<div class=\"elementor-post__card\">\n\t\t\t\t<div class=\"elementor-post__text\">\n\t\t\t\t<h3 class=\"elementor-post__title\">\n\t\t\t<a href=\"https:\/\/aprem-e.org\/index.php\/2024\/03\/06\/dia-de-la-logopedia-el-rol-fundamental-de-los-logopedas-en-la-vida-de-las-familias-de-bebes-prematuros\/\" target=&quot;_blank&quot;>\n\t\t\t\tD\u00eda de la Logopedia: El Rol Fundamental de los Logopedas en la Vida de las Familias de Beb\u00e9s Prematuros\t\t\t<\/a>\n\t\t<\/h3>\n\t\t\t\t<div class=\"elementor-post__excerpt\">\n\t\t\t<p>Hoy, 6 de marzo, se celebra el D\u00eda de la Logopedia, una disciplina que rara vez se asocia con la prematuridad, a pesar de que<\/p>\n\t\t<\/div>\n\t\t\n\t\t<a class=\"elementor-post__read-more\" href=\"https:\/\/aprem-e.org\/index.php\/2024\/03\/06\/dia-de-la-logopedia-el-rol-fundamental-de-los-logopedas-en-la-vida-de-las-familias-de-bebes-prematuros\/\" aria-label=\"Read more about D\u00eda de la Logopedia: El Rol Fundamental de los Logopedas en la Vida de las Familias de Beb\u00e9s Prematuros\" tabindex=\"-1\" target=\"_blank\">\n\t\t\tLeer m\u00e1s\t\t<\/a>\n\n\t\t\t\t<\/div>\n\t\t\t\t<div class=\"elementor-post__meta-data\">\n\t\t\t\t\t<span class=\"elementor-post-date\">\n\t\t\tmarzo 6, 2024\t\t<\/span>\n\t\t\t\t<span class=\"elementor-post-avatar\">\n\t\t\t4 comentarios\t\t<\/span>\n\t\t\t\t<\/div>\n\t\t\t\t\t<\/div>\n\t\t<\/article>\n\t\t\t\t<article class=\"elementor-post elementor-grid-item post-20135 post type-post status-publish format-standard has-post-thumbnail hentry category-blog category-noticias\" role=\"listitem\">\n\t\t\t<div class=\"elementor-post__card\">\n\t\t\t\t<div class=\"elementor-post__text\">\n\t\t\t\t<h3 class=\"elementor-post__title\">\n\t\t\t<a href=\"https:\/\/aprem-e.org\/index.php\/2024\/02\/29\/bienvenida-aprem-navarra-un-nuevo-capitulo-para-las-familias-de-ninos-nacidos-prematuramente-en-el-norte-de-espana\/\" target=&quot;_blank&quot;>\n\t\t\t\t\u00a1Bienvenida, APREM Navarra! Un Nuevo Cap\u00edtulo para las Familias de Ni\u00f1os Nacidos Prematuramente en el Norte de Espa\u00f1a\t\t\t<\/a>\n\t\t<\/h3>\n\t\t\t\t<div class=\"elementor-post__excerpt\">\n\t\t\t<p>Al cumplir su 25 aniversario, APREM ha establecido una delegaci\u00f3n en Navarra, gracias al esfuerzo conjunto de varias familias. Un grupo de unas 70 familias<\/p>\n\t\t<\/div>\n\t\t\n\t\t<a class=\"elementor-post__read-more\" href=\"https:\/\/aprem-e.org\/index.php\/2024\/02\/29\/bienvenida-aprem-navarra-un-nuevo-capitulo-para-las-familias-de-ninos-nacidos-prematuramente-en-el-norte-de-espana\/\" aria-label=\"Read more about \u00a1Bienvenida, APREM Navarra! Un Nuevo Cap\u00edtulo para las Familias de Ni\u00f1os Nacidos Prematuramente en el Norte de Espa\u00f1a\" tabindex=\"-1\" target=\"_blank\">\n\t\t\tLeer m\u00e1s\t\t<\/a>\n\n\t\t\t\t<\/div>\n\t\t\t\t<div class=\"elementor-post__meta-data\">\n\t\t\t\t\t<span class=\"elementor-post-date\">\n\t\t\tfebrero 29, 2024\t\t<\/span>\n\t\t\t\t<span class=\"elementor-post-avatar\">\n\t\t\t3 comentarios\t\t<\/span>\n\t\t\t\t<\/div>\n\t\t\t\t\t<\/div>\n\t\t<\/article>\n\t\t\t\t<article class=\"elementor-post elementor-grid-item post-20122 post type-post status-publish format-standard has-post-thumbnail hentry category-blog category-noticias\" role=\"listitem\">\n\t\t\t<div class=\"elementor-post__card\">\n\t\t\t\t<div class=\"elementor-post__text\">\n\t\t\t\t<h3 class=\"elementor-post__title\">\n\t\t\t<a href=\"https:\/\/aprem-e.org\/index.php\/2024\/02\/23\/premios-humans\/\" target=&quot;_blank&quot;>\n\t\t\t\tPremios Humans: APREM es Galardonada por el Compromiso con los Ni\u00f1os Prematuros\t\t\t<\/a>\n\t\t<\/h3>\n\t\t\t\t<div class=\"elementor-post__excerpt\">\n\t\t\t<p>Nos llena de orgullo compartir que la Asociaci\u00f3n de Padres de Ni\u00f1os Prematuros (APREM) ha sido galardonada con el premio de la Fundaci\u00f3n Humans en<\/p>\n\t\t<\/div>\n\t\t\n\t\t<a class=\"elementor-post__read-more\" href=\"https:\/\/aprem-e.org\/index.php\/2024\/02\/23\/premios-humans\/\" aria-label=\"Read more about Premios Humans: APREM es Galardonada por el Compromiso con los Ni\u00f1os Prematuros\" tabindex=\"-1\" target=\"_blank\">\n\t\t\tLeer m\u00e1s\t\t<\/a>\n\n\t\t\t\t<\/div>\n\t\t\t\t<div class=\"elementor-post__meta-data\">\n\t\t\t\t\t<span class=\"elementor-post-date\">\n\t\t\tfebrero 23, 2024\t\t<\/span>\n\t\t\t\t<span class=\"elementor-post-avatar\">\n\t\t\t1 comentario\t\t<\/span>\n\t\t\t\t<\/div>\n\t\t\t\t\t<\/div>\n\t\t<\/article>\n\t\t\t\t<article class=\"elementor-post elementor-grid-item post-20100 post type-post status-publish format-standard has-post-thumbnail hentry category-blog category-desarrollo category-ninos-prematuros\" role=\"listitem\">\n\t\t\t<div class=\"elementor-post__card\">\n\t\t\t\t<div class=\"elementor-post__text\">\n\t\t\t\t<h3 class=\"elementor-post__title\">\n\t\t\t<a href=\"https:\/\/aprem-e.org\/index.php\/2024\/02\/12\/logopedia-en-ucin-2\/\" target=&quot;_blank&quot;>\n\t\t\t\tSobre\u00a0la Separaci\u00f3n Cero\t\t\t<\/a>\n\t\t<\/h3>\n\t\t\t\t<div class=\"elementor-post__excerpt\">\n\t\t\t<p>Os dejamos el reportaje de la revista Ser Padres sobre Separaci\u00f3n Cero: transformando el cuidado neonatal para los beb\u00e9s prematuros donde participa la presidenta de<\/p>\n\t\t<\/div>\n\t\t\n\t\t<a class=\"elementor-post__read-more\" href=\"https:\/\/aprem-e.org\/index.php\/2024\/02\/12\/logopedia-en-ucin-2\/\" aria-label=\"Read more about Sobre\u00a0la Separaci\u00f3n Cero\" tabindex=\"-1\" target=\"_blank\">\n\t\t\tLeer m\u00e1s\t\t<\/a>\n\n\t\t\t\t<\/div>\n\t\t\t\t<div class=\"elementor-post__meta-data\">\n\t\t\t\t\t<span class=\"elementor-post-date\">\n\t\t\tfebrero 12, 2024\t\t<\/span>\n\t\t\t\t<span class=\"elementor-post-avatar\">\n\t\t\t6 comentarios\t\t<\/span>\n\t\t\t\t<\/div>\n\t\t\t\t\t<\/div>\n\t\t<\/article>\n\t\t\t\t<article class=\"elementor-post elementor-grid-item post-20023 post type-post status-publish format-standard has-post-thumbnail hentry category-aprem category-desarrollo category-eventos category-familia category-informacion category-ninos-prematuros category-noticias category-novedades category-profesionales\" role=\"listitem\">\n\t\t\t<div class=\"elementor-post__card\">\n\t\t\t\t<div class=\"elementor-post__text\">\n\t\t\t\t<h3 class=\"elementor-post__title\">\n\t\t\t<a href=\"https:\/\/aprem-e.org\/index.php\/2023\/11\/22\/visita-museo-nacional-de-ciencias-naturales\/\" target=&quot;_blank&quot;>\n\t\t\t\tVisita Museo Nacional de Ciencias Naturales\t\t\t<\/a>\n\t\t<\/h3>\n\t\t\t\t<div class=\"elementor-post__excerpt\">\n\t\t\t<p>El pasado s\u00e1bado APREM cont\u00f3 con unos ayudantes de excepci\u00f3n para buscar a los protagonistas de pel\u00edculas tan emblem\u00e1ticas y divertidas como \u201cEl Rey Le\u00f3n\u201d,<\/p>\n\t\t<\/div>\n\t\t\n\t\t<a class=\"elementor-post__read-more\" href=\"https:\/\/aprem-e.org\/index.php\/2023\/11\/22\/visita-museo-nacional-de-ciencias-naturales\/\" aria-label=\"Read more about Visita Museo Nacional de Ciencias Naturales\" tabindex=\"-1\" target=\"_blank\">\n\t\t\tLeer m\u00e1s\t\t<\/a>\n\n\t\t\t\t<\/div>\n\t\t\t\t<div class=\"elementor-post__meta-data\">\n\t\t\t\t\t<span class=\"elementor-post-date\">\n\t\t\tnoviembre 22, 2023\t\t<\/span>\n\t\t\t\t<span class=\"elementor-post-avatar\">\n\t\t\t5 comentarios\t\t<\/span>\n\t\t\t\t<\/div>\n\t\t\t\t\t<\/div>\n\t\t<\/article>\n\t\t\t\t<\/div>\n\t\t\n\t\t\t\t<div class=\"e-load-more-anchor\" data-page=\"1\" data-max-page=\"8\" data-next-page=\"https:\/\/aprem-e.org\/index.php\/wp-json\/wp\/v2\/pages\/21138\/page\/2\/\"><\/div>\n\t\t\t\t<nav class=\"elementor-pagination\" aria-label=\"Pagination\">\n\t\t\t<span aria-current=\"page\" class=\"page-numbers current\"><span class=\"elementor-screen-only\">Page<\/span>1<\/span>\n<a class=\"page-numbers\" href=\"https:\/\/aprem-e.org\/index.php\/wp-json\/wp\/v2\/pages\/21138\/page\/2\/\"><span class=\"elementor-screen-only\">Page<\/span>2<\/a>\n<a class=\"page-numbers\" href=\"https:\/\/aprem-e.org\/index.php\/wp-json\/wp\/v2\/pages\/21138\/page\/3\/\"><span class=\"elementor-screen-only\">Page<\/span>3<\/a>\n<a class=\"page-numbers\" href=\"https:\/\/aprem-e.org\/index.php\/wp-json\/wp\/v2\/pages\/21138\/page\/4\/\"><span class=\"elementor-screen-only\">Page<\/span>4<\/a>\n<a class=\"page-numbers\" href=\"https:\/\/aprem-e.org\/index.php\/wp-json\/wp\/v2\/pages\/21138\/page\/5\/\"><span class=\"elementor-screen-only\">Page<\/span>5<\/a>\n<a class=\"page-numbers\" href=\"https:\/\/aprem-e.org\/index.php\/wp-json\/wp\/v2\/pages\/21138\/page\/6\/\"><span class=\"elementor-screen-only\">Page<\/span>6<\/a>\n<a class=\"page-numbers\" href=\"https:\/\/aprem-e.org\/index.php\/wp-json\/wp\/v2\/pages\/21138\/page\/7\/\"><span class=\"elementor-screen-only\">Page<\/span>7<\/a>\n<a class=\"page-numbers\" href=\"https:\/\/aprem-e.org\/index.php\/wp-json\/wp\/v2\/pages\/21138\/page\/8\/\"><span class=\"elementor-screen-only\">Page<\/span>8<\/a>\t\t<\/nav>\n\t\t\t\t\t\t<\/div>\n\t\t\t\t<\/div>\n\t\t\t\t\t<\/div>\n\t\t\t\t<\/div>\n\t\t\t\t<\/div>\n\t\t","protected":false},"excerpt":{"rendered":"","protected":false},"author":1,"featured_media":0,"parent":0,"menu_order":0,"comment_status":"closed","ping_status":"closed","template":"","meta":{"inline_featured_image":false,"footnotes":""},"class_list":["post-21138","page","type-page","status-publish","hentry"],"yoast_head":"<!-- This site is optimized with the Yoast SEO plugin v27.4 - https:\/\/yoast.com\/product\/yoast-seo-wordpress\/ -->\n<title>Blog - Aprem<\/title>\n<meta name=\"robots\" content=\"index, follow, max-snippet:-1, max-image-preview:large, max-video-preview:-1\" \/>\n<link rel=\"canonical\" href=\"https:\/\/aprem-e.org\/index.php\/blog\/\" \/>\n<meta property=\"og:locale\" content=\"es_ES\" \/>\n<meta property=\"og:type\" content=\"article\" \/>\n<meta property=\"og:title\" content=\"Blog - Aprem\" \/>\n<meta property=\"og:url\" content=\"https:\/\/aprem-e.org\/index.php\/blog\/\" \/>\n<meta property=\"og:site_name\" content=\"Aprem\" \/>\n<meta property=\"article:modified_time\" content=\"2026-02-02T17:26:43+00:00\" \/>\n<meta name=\"twitter:card\" content=\"summary_large_image\" \/>\n<meta name=\"twitter:label1\" content=\"Tiempo de lectura\" \/>\n\t<meta name=\"twitter:data1\" content=\"6 minutos\" \/>\n<script type=\"application\/ld+json\" class=\"yoast-schema-graph\">{\"@context\":\"https:\\\/\\\/schema.org\",\"@graph\":[{\"@type\":\"WebPage\",\"@id\":\"https:\\\/\\\/aprem-e.org\\\/index.php\\\/blog\\\/\",\"url\":\"https:\\\/\\\/aprem-e.org\\\/index.php\\\/blog\\\/\",\"name\":\"Blog - Aprem\",\"isPartOf\":{\"@id\":\"https:\\\/\\\/aprem-e.org\\\/#website\"},\"datePublished\":\"2026-02-02T17:15:17+00:00\",\"dateModified\":\"2026-02-02T17:26:43+00:00\",\"breadcrumb\":{\"@id\":\"https:\\\/\\\/aprem-e.org\\\/index.php\\\/blog\\\/#breadcrumb\"},\"inLanguage\":\"es\",\"potentialAction\":[{\"@type\":\"ReadAction\",\"target\":[\"https:\\\/\\\/aprem-e.org\\\/index.php\\\/blog\\\/\"]}]},{\"@type\":\"BreadcrumbList\",\"@id\":\"https:\\\/\\\/aprem-e.org\\\/index.php\\\/blog\\\/#breadcrumb\",\"itemListElement\":[{\"@type\":\"ListItem\",\"position\":1,\"name\":\"Home\",\"item\":\"https:\\\/\\\/aprem-e.org\\\/\"},{\"@type\":\"ListItem\",\"position\":2,\"name\":\"Blog\"}]},{\"@type\":\"WebSite\",\"@id\":\"https:\\\/\\\/aprem-e.org\\\/#website\",\"url\":\"https:\\\/\\\/aprem-e.org\\\/\",\"name\":\"Aprem\",\"description\":\"Asociaci\u00f3n de Padres de Ni\u00f1os Prematuros\",\"publisher\":{\"@id\":\"https:\\\/\\\/aprem-e.org\\\/#organization\"},\"potentialAction\":[{\"@type\":\"SearchAction\",\"target\":{\"@type\":\"EntryPoint\",\"urlTemplate\":\"https:\\\/\\\/aprem-e.org\\\/?s={search_term_string}\"},\"query-input\":{\"@type\":\"PropertyValueSpecification\",\"valueRequired\":true,\"valueName\":\"search_term_string\"}}],\"inLanguage\":\"es\"},{\"@type\":\"Organization\",\"@id\":\"https:\\\/\\\/aprem-e.org\\\/#organization\",\"name\":\"Aprem\",\"url\":\"https:\\\/\\\/aprem-e.org\\\/\",\"logo\":{\"@type\":\"ImageObject\",\"inLanguage\":\"es\",\"@id\":\"https:\\\/\\\/aprem-e.org\\\/#\\\/schema\\\/logo\\\/image\\\/\",\"url\":\"https:\\\/\\\/aprem-e.org\\\/wp-content\\\/uploads\\\/2025\\\/09\\\/cropped-Logo-APREM_M1.png\",\"contentUrl\":\"https:\\\/\\\/aprem-e.org\\\/wp-content\\\/uploads\\\/2025\\\/09\\\/cropped-Logo-APREM_M1.png\",\"width\":512,\"height\":512,\"caption\":\"Aprem\"},\"image\":{\"@id\":\"https:\\\/\\\/aprem-e.org\\\/#\\\/schema\\\/logo\\\/image\\\/\"}}]}<\/script>\n<!-- \/ Yoast SEO plugin. -->","yoast_head_json":{"title":"Blog - Aprem","robots":{"index":"index","follow":"follow","max-snippet":"max-snippet:-1","max-image-preview":"max-image-preview:large","max-video-preview":"max-video-preview:-1"},"canonical":"https:\/\/aprem-e.org\/index.php\/blog\/","og_locale":"es_ES","og_type":"article","og_title":"Blog - Aprem","og_url":"https:\/\/aprem-e.org\/index.php\/blog\/","og_site_name":"Aprem","article_modified_time":"2026-02-02T17:26:43+00:00","twitter_card":"summary_large_image","twitter_misc":{"Tiempo de lectura":"6 minutos"},"schema":{"@context":"https:\/\/schema.org","@graph":[{"@type":"WebPage","@id":"https:\/\/aprem-e.org\/index.php\/blog\/","url":"https:\/\/aprem-e.org\/index.php\/blog\/","name":"Blog - Aprem","isPartOf":{"@id":"https:\/\/aprem-e.org\/#website"},"datePublished":"2026-02-02T17:15:17+00:00","dateModified":"2026-02-02T17:26:43+00:00","breadcrumb":{"@id":"https:\/\/aprem-e.org\/index.php\/blog\/#breadcrumb"},"inLanguage":"es","potentialAction":[{"@type":"ReadAction","target":["https:\/\/aprem-e.org\/index.php\/blog\/"]}]},{"@type":"BreadcrumbList","@id":"https:\/\/aprem-e.org\/index.php\/blog\/#breadcrumb","itemListElement":[{"@type":"ListItem","position":1,"name":"Home","item":"https:\/\/aprem-e.org\/"},{"@type":"ListItem","position":2,"name":"Blog"}]},{"@type":"WebSite","@id":"https:\/\/aprem-e.org\/#website","url":"https:\/\/aprem-e.org\/","name":"Aprem","description":"Asociaci\u00f3n de Padres de Ni\u00f1os Prematuros","publisher":{"@id":"https:\/\/aprem-e.org\/#organization"},"potentialAction":[{"@type":"SearchAction","target":{"@type":"EntryPoint","urlTemplate":"https:\/\/aprem-e.org\/?s={search_term_string}"},"query-input":{"@type":"PropertyValueSpecification","valueRequired":true,"valueName":"search_term_string"}}],"inLanguage":"es"},{"@type":"Organization","@id":"https:\/\/aprem-e.org\/#organization","name":"Aprem","url":"https:\/\/aprem-e.org\/","logo":{"@type":"ImageObject","inLanguage":"es","@id":"https:\/\/aprem-e.org\/#\/schema\/logo\/image\/","url":"https:\/\/aprem-e.org\/wp-content\/uploads\/2025\/09\/cropped-Logo-APREM_M1.png","contentUrl":"https:\/\/aprem-e.org\/wp-content\/uploads\/2025\/09\/cropped-Logo-APREM_M1.png","width":512,"height":512,"caption":"Aprem"},"image":{"@id":"https:\/\/aprem-e.org\/#\/schema\/logo\/image\/"}}]}},"_links":{"self":[{"href":"https:\/\/aprem-e.org\/index.php\/wp-json\/wp\/v2\/pages\/21138","targetHints":{"allow":["GET"]}}],"collection":[{"href":"https:\/\/aprem-e.org\/index.php\/wp-json\/wp\/v2\/pages"}],"about":[{"href":"https:\/\/aprem-e.org\/index.php\/wp-json\/wp\/v2\/types\/page"}],"author":[{"embeddable":true,"href":"https:\/\/aprem-e.org\/index.php\/wp-json\/wp\/v2\/users\/1"}],"replies":[{"embeddable":true,"href":"https:\/\/aprem-e.org\/index.php\/wp-json\/wp\/v2\/comments?post=21138"}],"version-history":[{"count":7,"href":"https:\/\/aprem-e.org\/index.php\/wp-json\/wp\/v2\/pages\/21138\/revisions"}],"predecessor-version":[{"id":21146,"href":"https:\/\/aprem-e.org\/index.php\/wp-json\/wp\/v2\/pages\/21138\/revisions\/21146"}],"wp:attachment":[{"href":"https:\/\/aprem-e.org\/index.php\/wp-json\/wp\/v2\/media?parent=21138"}],"curies":[{"name":"wp","href":"https:\/\/api.w.org\/{rel}","templated":true}]}}