{"id":21291,"date":"2026-03-13T21:18:50","date_gmt":"2026-03-13T21:18:50","guid":{"rendered":"https:\/\/aprem-e.org\/?page_id=21291"},"modified":"2026-03-13T21:20:49","modified_gmt":"2026-03-13T21:20:49","slug":"nino-nacido-prematuramente","status":"publish","type":"page","link":"https:\/\/aprem-e.org\/index.php\/nino-nacido-prematuramente\/","title":{"rendered":"Ni\u00f1o nacido prematuramente"},"content":{"rendered":"\t\t<div data-elementor-type=\"wp-page\" data-elementor-id=\"21291\" class=\"elementor elementor-21291\" data-elementor-post-type=\"page\">\n\t\t\t\t<div class=\"elementor-element elementor-element-d5bf936 e-con-full e-flex e-con e-parent\" data-id=\"d5bf936\" data-element_type=\"container\" data-e-type=\"container\" data-settings=\"{&quot;background_background&quot;:&quot;classic&quot;}\">\n\t\t\t\t<\/div>\n\t\t<div class=\"elementor-element elementor-element-390153b e-flex e-con-boxed e-con e-parent\" data-id=\"390153b\" data-element_type=\"container\" data-e-type=\"container\">\n\t\t\t\t\t<div class=\"e-con-inner\">\n\t\t\t\t<div class=\"elementor-element elementor-element-4bfbb7e elementor-widget elementor-widget-heading\" data-id=\"4bfbb7e\" data-element_type=\"widget\" data-e-type=\"widget\" data-widget_type=\"heading.default\">\n\t\t\t\t\t<h2 class=\"elementor-heading-title elementor-size-default\">Ni\u00f1@ nacid@ prematuramente<\/h2>\t\t\t\t<\/div>\n\t\t\t\t<div class=\"elementor-element elementor-element-96709f2 elementor-widget__width-initial elementor-widget elementor-widget-text-editor\" data-id=\"96709f2\" data-element_type=\"widget\" data-e-type=\"widget\" data-widget_type=\"text-editor.default\">\n\t\t\t\t\t\t\t\t\t<p><span data-contrast=\"auto\">Se dice que un ni\u00f1@ nace de forma prematura cuando lo hace\u00a0<\/span><b><span data-contrast=\"auto\">antes de haberse completado 37 semanas de gestaci\u00f3n<\/span><\/b><span data-contrast=\"auto\">, teniendo en cuenta que normalmente, el embarazo dura unas 40 semanas. \u200bSe consideran beb\u00e9s\u00a0<\/span><b><span data-contrast=\"auto\">\u201cgrandes prematuros\u201d<\/span><\/b><span data-contrast=\"auto\">\u00a0cuando el nacimiento se produce\u00a0<\/span><b><span data-contrast=\"auto\">por debajo de las 32 semanas o cuando pesan menos de 1,500 kg.\u00a0<\/span><\/b><span data-ccp-props=\"{&quot;201341983&quot;:0,&quot;335559739&quot;:160,&quot;335559740&quot;:259}\">\u00a0<\/span><\/p><p><span data-contrast=\"auto\">La prematuridad es la condici\u00f3n neonatal que lleva consigo el riesgo m\u00e1s elevado de complicaciones y morbimortalidad respecto al nacimiento a t\u00e9rmino. Este riesgo es inversamente proporcional a la edad gestacional y el peso al nacimiento, pudiendo afectar a diferentes perspectivas: neurol\u00f3gica, de desarrollo de enfermedades respiratorias, nutricional, sensorial y social. En cualquier caso, a pesar de esto, lo m\u00e1s importante a tener en cuenta es que cada beb\u00e9 es \u00fanico y el hecho de ser de riesgo no implica necesariamente el desarrollo de la complicaci\u00f3n.<\/span><span data-ccp-props=\"{&quot;201341983&quot;:0,&quot;335559739&quot;:160,&quot;335559740&quot;:259}\">\u00a0<\/span><\/p><p><span data-contrast=\"auto\">A pesar de que los beb\u00e9s grandes prematuros son los considerados de mayor riesgo, no podemos olvidar que los beb\u00e9s considerados\u00a0<\/span><b><span data-contrast=\"auto\">\u201cprematuros tard\u00edos\u201d<\/span><\/b><span data-contrast=\"auto\">\u00a0(es decir,\u00a0<\/span><b><span data-contrast=\"auto\">los que nacen<\/span><\/b>\u00a0<b><span data-contrast=\"auto\">entre las semanas 34 y 37<\/span><\/b><span data-contrast=\"auto\">) no est\u00e1n exentos de complicaciones, aunque la probabilidad de que las presenten sea significativamente menor.<\/span><span data-ccp-props=\"{&quot;201341983&quot;:0,&quot;335559739&quot;:160,&quot;335559740&quot;:259}\">\u00a0<\/span><\/p>\t\t\t\t\t\t\t\t<\/div>\n\t\t\t\t\t<\/div>\n\t\t\t\t<\/div>\n\t\t\t\t<\/div>\n\t\t","protected":false},"excerpt":{"rendered":"<p>Ni\u00f1@ nacid@ prematuramente Se dice que un ni\u00f1@ nace de forma prematura cuando lo hace\u00a0antes de haberse completado 37 semanas de gestaci\u00f3n, teniendo en cuenta que normalmente, el embarazo dura unas 40 semanas. \u200bSe consideran beb\u00e9s\u00a0\u201cgrandes prematuros\u201d\u00a0cuando el nacimiento se produce\u00a0por debajo de las 32 semanas o cuando pesan menos de 1,500 kg.\u00a0\u00a0 La prematuridad [&hellip;]<\/p>\n","protected":false},"author":1,"featured_media":0,"parent":0,"menu_order":0,"comment_status":"closed","ping_status":"closed","template":"","meta":{"inline_featured_image":false,"footnotes":""},"class_list":["post-21291","page","type-page","status-publish","hentry"],"yoast_head":"<!-- This site is optimized with the Yoast SEO plugin v27.4 - https:\/\/yoast.com\/product\/yoast-seo-wordpress\/ -->\n<title>Ni\u00f1o nacido prematuramente - Aprem<\/title>\n<meta name=\"robots\" content=\"index, follow, max-snippet:-1, max-image-preview:large, max-video-preview:-1\" \/>\n<link rel=\"canonical\" href=\"https:\/\/aprem-e.org\/index.php\/nino-nacido-prematuramente\/\" \/>\n<meta property=\"og:locale\" content=\"es_ES\" \/>\n<meta property=\"og:type\" content=\"article\" \/>\n<meta property=\"og:title\" content=\"Ni\u00f1o nacido prematuramente - Aprem\" \/>\n<meta property=\"og:description\" content=\"Ni\u00f1@ nacid@ prematuramente Se dice que un ni\u00f1@ nace de forma prematura cuando lo hace\u00a0antes de haberse completado 37 semanas de gestaci\u00f3n, teniendo en cuenta que normalmente, el embarazo dura unas 40 semanas. \u200bSe consideran beb\u00e9s\u00a0\u201cgrandes prematuros\u201d\u00a0cuando el nacimiento se produce\u00a0por debajo de las 32 semanas o cuando pesan menos de 1,500 kg.\u00a0\u00a0 La prematuridad [&hellip;]\" \/>\n<meta property=\"og:url\" content=\"https:\/\/aprem-e.org\/index.php\/nino-nacido-prematuramente\/\" \/>\n<meta property=\"og:site_name\" content=\"Aprem\" \/>\n<meta property=\"article:modified_time\" content=\"2026-03-13T21:20:49+00:00\" \/>\n<meta name=\"twitter:card\" content=\"summary_large_image\" \/>\n<meta name=\"twitter:label1\" content=\"Tiempo de lectura\" \/>\n\t<meta name=\"twitter:data1\" content=\"1 minuto\" \/>\n<script type=\"application\/ld+json\" class=\"yoast-schema-graph\">{\"@context\":\"https:\\\/\\\/schema.org\",\"@graph\":[{\"@type\":\"WebPage\",\"@id\":\"https:\\\/\\\/aprem-e.org\\\/index.php\\\/nino-nacido-prematuramente\\\/\",\"url\":\"https:\\\/\\\/aprem-e.org\\\/index.php\\\/nino-nacido-prematuramente\\\/\",\"name\":\"Ni\u00f1o nacido prematuramente - Aprem\",\"isPartOf\":{\"@id\":\"https:\\\/\\\/aprem-e.org\\\/#website\"},\"datePublished\":\"2026-03-13T21:18:50+00:00\",\"dateModified\":\"2026-03-13T21:20:49+00:00\",\"breadcrumb\":{\"@id\":\"https:\\\/\\\/aprem-e.org\\\/index.php\\\/nino-nacido-prematuramente\\\/#breadcrumb\"},\"inLanguage\":\"es\",\"potentialAction\":[{\"@type\":\"ReadAction\",\"target\":[\"https:\\\/\\\/aprem-e.org\\\/index.php\\\/nino-nacido-prematuramente\\\/\"]}]},{\"@type\":\"BreadcrumbList\",\"@id\":\"https:\\\/\\\/aprem-e.org\\\/index.php\\\/nino-nacido-prematuramente\\\/#breadcrumb\",\"itemListElement\":[{\"@type\":\"ListItem\",\"position\":1,\"name\":\"Home\",\"item\":\"https:\\\/\\\/aprem-e.org\\\/\"},{\"@type\":\"ListItem\",\"position\":2,\"name\":\"Ni\u00f1o nacido prematuramente\"}]},{\"@type\":\"WebSite\",\"@id\":\"https:\\\/\\\/aprem-e.org\\\/#website\",\"url\":\"https:\\\/\\\/aprem-e.org\\\/\",\"name\":\"Aprem\",\"description\":\"Asociaci\u00f3n de Padres de Ni\u00f1os Prematuros\",\"publisher\":{\"@id\":\"https:\\\/\\\/aprem-e.org\\\/#organization\"},\"potentialAction\":[{\"@type\":\"SearchAction\",\"target\":{\"@type\":\"EntryPoint\",\"urlTemplate\":\"https:\\\/\\\/aprem-e.org\\\/?s={search_term_string}\"},\"query-input\":{\"@type\":\"PropertyValueSpecification\",\"valueRequired\":true,\"valueName\":\"search_term_string\"}}],\"inLanguage\":\"es\"},{\"@type\":\"Organization\",\"@id\":\"https:\\\/\\\/aprem-e.org\\\/#organization\",\"name\":\"Aprem\",\"url\":\"https:\\\/\\\/aprem-e.org\\\/\",\"logo\":{\"@type\":\"ImageObject\",\"inLanguage\":\"es\",\"@id\":\"https:\\\/\\\/aprem-e.org\\\/#\\\/schema\\\/logo\\\/image\\\/\",\"url\":\"https:\\\/\\\/aprem-e.org\\\/wp-content\\\/uploads\\\/2025\\\/09\\\/cropped-Logo-APREM_M1.png\",\"contentUrl\":\"https:\\\/\\\/aprem-e.org\\\/wp-content\\\/uploads\\\/2025\\\/09\\\/cropped-Logo-APREM_M1.png\",\"width\":512,\"height\":512,\"caption\":\"Aprem\"},\"image\":{\"@id\":\"https:\\\/\\\/aprem-e.org\\\/#\\\/schema\\\/logo\\\/image\\\/\"}}]}<\/script>\n<!-- \/ Yoast SEO plugin. -->","yoast_head_json":{"title":"Ni\u00f1o nacido prematuramente - Aprem","robots":{"index":"index","follow":"follow","max-snippet":"max-snippet:-1","max-image-preview":"max-image-preview:large","max-video-preview":"max-video-preview:-1"},"canonical":"https:\/\/aprem-e.org\/index.php\/nino-nacido-prematuramente\/","og_locale":"es_ES","og_type":"article","og_title":"Ni\u00f1o nacido prematuramente - Aprem","og_description":"Ni\u00f1@ nacid@ prematuramente Se dice que un ni\u00f1@ nace de forma prematura cuando lo hace\u00a0antes de haberse completado 37 semanas de gestaci\u00f3n, teniendo en cuenta que normalmente, el embarazo dura unas 40 semanas. \u200bSe consideran beb\u00e9s\u00a0\u201cgrandes prematuros\u201d\u00a0cuando el nacimiento se produce\u00a0por debajo de las 32 semanas o cuando pesan menos de 1,500 kg.\u00a0\u00a0 La prematuridad [&hellip;]","og_url":"https:\/\/aprem-e.org\/index.php\/nino-nacido-prematuramente\/","og_site_name":"Aprem","article_modified_time":"2026-03-13T21:20:49+00:00","twitter_card":"summary_large_image","twitter_misc":{"Tiempo de lectura":"1 minuto"},"schema":{"@context":"https:\/\/schema.org","@graph":[{"@type":"WebPage","@id":"https:\/\/aprem-e.org\/index.php\/nino-nacido-prematuramente\/","url":"https:\/\/aprem-e.org\/index.php\/nino-nacido-prematuramente\/","name":"Ni\u00f1o nacido prematuramente - Aprem","isPartOf":{"@id":"https:\/\/aprem-e.org\/#website"},"datePublished":"2026-03-13T21:18:50+00:00","dateModified":"2026-03-13T21:20:49+00:00","breadcrumb":{"@id":"https:\/\/aprem-e.org\/index.php\/nino-nacido-prematuramente\/#breadcrumb"},"inLanguage":"es","potentialAction":[{"@type":"ReadAction","target":["https:\/\/aprem-e.org\/index.php\/nino-nacido-prematuramente\/"]}]},{"@type":"BreadcrumbList","@id":"https:\/\/aprem-e.org\/index.php\/nino-nacido-prematuramente\/#breadcrumb","itemListElement":[{"@type":"ListItem","position":1,"name":"Home","item":"https:\/\/aprem-e.org\/"},{"@type":"ListItem","position":2,"name":"Ni\u00f1o nacido prematuramente"}]},{"@type":"WebSite","@id":"https:\/\/aprem-e.org\/#website","url":"https:\/\/aprem-e.org\/","name":"Aprem","description":"Asociaci\u00f3n de Padres de Ni\u00f1os Prematuros","publisher":{"@id":"https:\/\/aprem-e.org\/#organization"},"potentialAction":[{"@type":"SearchAction","target":{"@type":"EntryPoint","urlTemplate":"https:\/\/aprem-e.org\/?s={search_term_string}"},"query-input":{"@type":"PropertyValueSpecification","valueRequired":true,"valueName":"search_term_string"}}],"inLanguage":"es"},{"@type":"Organization","@id":"https:\/\/aprem-e.org\/#organization","name":"Aprem","url":"https:\/\/aprem-e.org\/","logo":{"@type":"ImageObject","inLanguage":"es","@id":"https:\/\/aprem-e.org\/#\/schema\/logo\/image\/","url":"https:\/\/aprem-e.org\/wp-content\/uploads\/2025\/09\/cropped-Logo-APREM_M1.png","contentUrl":"https:\/\/aprem-e.org\/wp-content\/uploads\/2025\/09\/cropped-Logo-APREM_M1.png","width":512,"height":512,"caption":"Aprem"},"image":{"@id":"https:\/\/aprem-e.org\/#\/schema\/logo\/image\/"}}]}},"_links":{"self":[{"href":"https:\/\/aprem-e.org\/index.php\/wp-json\/wp\/v2\/pages\/21291","targetHints":{"allow":["GET"]}}],"collection":[{"href":"https:\/\/aprem-e.org\/index.php\/wp-json\/wp\/v2\/pages"}],"about":[{"href":"https:\/\/aprem-e.org\/index.php\/wp-json\/wp\/v2\/types\/page"}],"author":[{"embeddable":true,"href":"https:\/\/aprem-e.org\/index.php\/wp-json\/wp\/v2\/users\/1"}],"replies":[{"embeddable":true,"href":"https:\/\/aprem-e.org\/index.php\/wp-json\/wp\/v2\/comments?post=21291"}],"version-history":[{"count":4,"href":"https:\/\/aprem-e.org\/index.php\/wp-json\/wp\/v2\/pages\/21291\/revisions"}],"predecessor-version":[{"id":21296,"href":"https:\/\/aprem-e.org\/index.php\/wp-json\/wp\/v2\/pages\/21291\/revisions\/21296"}],"wp:attachment":[{"href":"https:\/\/aprem-e.org\/index.php\/wp-json\/wp\/v2\/media?parent=21291"}],"curies":[{"name":"wp","href":"https:\/\/api.w.org\/{rel}","templated":true}]}}

Niño nacido prematuramente

<div data-elementor-type="wp-page" data-elementor-id="21291" class="elementor elementor-21291" data-elementor-post-type="page">
				<div class="elementor-element elementor-element-d5bf936 e-con-full e-flex e-con e-parent" data-id="d5bf936" data-element_type="container" data-e-type="container" data-settings="{&quot;background_background&quot;:&quot;classic&quot;}">
				</div>
		<div class="elementor-element elementor-element-390153b e-flex e-con-boxed e-con e-parent" data-id="390153b" data-element_type="container" data-e-type="container">
					<div class="e-con-inner">
				<div class="elementor-element elementor-element-4bfbb7e elementor-widget elementor-widget-heading" data-id="4bfbb7e" data-element_type="widget" data-e-type="widget" data-widget_type="heading.default">
					<h2 class="elementor-heading-title elementor-size-default">Niñ@ nacid@ prematuramente</h2>				</div>
				<div class="elementor-element elementor-element-96709f2 elementor-widget__width-initial elementor-widget elementor-widget-text-editor" data-id="96709f2" data-element_type="widget" data-e-type="widget" data-widget_type="text-editor.default">
									<p><span data-contrast="auto">Se dice que un niñ@ nace de forma prematura cuando lo hace </span><b><span data-contrast="auto">antes de haberse completado 37 semanas de gestación</span></b><span data-contrast="auto">, teniendo en cuenta que normalmente, el embarazo dura unas 40 semanas. ​Se consideran bebés </span><b><span data-contrast="auto">“grandes prematuros”</span></b><span data-contrast="auto"> cuando el nacimiento se produce </span><b><span data-contrast="auto">por debajo de las 32 semanas o cuando pesan menos de 1,500 kg. </span></b><span data-ccp-props="{&quot;201341983&quot;:0,&quot;335559739&quot;:160,&quot;335559740&quot;:259}"> </span></p><p><span data-contrast="auto">La prematuridad es la condición neonatal que lleva consigo el riesgo más elevado de complicaciones y morbimortalidad respecto al nacimiento a término. Este riesgo es inversamente proporcional a la edad gestacional y el peso al nacimiento, pudiendo afectar a diferentes perspectivas: neurológica, de desarrollo de enfermedades respiratorias, nutricional, sensorial y social. En cualquier caso, a pesar de esto, lo más importante a tener en cuenta es que cada bebé es único y el hecho de ser de riesgo no implica necesariamente el desarrollo de la complicación.</span><span data-ccp-props="{&quot;201341983&quot;:0,&quot;335559739&quot;:160,&quot;335559740&quot;:259}"> </span></p><p><span data-contrast="auto">A pesar de que los bebés grandes prematuros son los considerados de mayor riesgo, no podemos olvidar que los bebés considerados </span><b><span data-contrast="auto">“prematuros tardíos”</span></b><span data-contrast="auto"> (es decir, </span><b><span data-contrast="auto">los que nacen</span></b> <b><span data-contrast="auto">entre las semanas 34 y 37</span></b><span data-contrast="auto">) no están exentos de complicaciones, aunque la probabilidad de que las presenten sea significativamente menor.</span><span data-ccp-props="{&quot;201341983&quot;:0,&quot;335559739&quot;:160,&quot;335559740&quot;:259}"> </span></p>								</div>
					</div>
				</div>
				</div>

<p>Niñ@ nacid@ prematuramente Se dice que un niñ@ nace de forma prematura cuando lo hace antes de haberse completado 37 semanas de gestación, teniendo en cuenta que normalmente, el embarazo dura unas 40 semanas. ​Se consideran bebés “grandes prematuros” cuando el nacimiento se produce por debajo de las 32 semanas o cuando pesan menos de 1,500 kg.   La prematuridad [&hellip;]</p>

<!-- This site is optimized with the Yoast SEO plugin v27.4 - https://yoast.com/product/yoast-seo-wordpress/ -->
<title>Niño nacido prematuramente - Aprem</title>
<meta name="robots" content="index, follow, max-snippet:-1, max-image-preview:large, max-video-preview:-1" />
<link rel="canonical" href="https://aprem-e.org/index.php/nino-nacido-prematuramente/" />
<meta property="og:locale" content="es_ES" />
<meta property="og:type" content="article" />
<meta property="og:title" content="Niño nacido prematuramente - Aprem" />
<meta property="og:description" content="Niñ@ nacid@ prematuramente Se dice que un niñ@ nace de forma prematura cuando lo hace antes de haberse completado 37 semanas de gestación, teniendo en cuenta que normalmente, el embarazo dura unas 40 semanas. ​Se consideran bebés “grandes prematuros” cuando el nacimiento se produce por debajo de las 32 semanas o cuando pesan menos de 1,500 kg.   La prematuridad [&hellip;]" />
<meta property="og:url" content="https://aprem-e.org/index.php/nino-nacido-prematuramente/" />
<meta property="og:site_name" content="Aprem" />
<meta property="article:modified_time" content="2026-03-13T21:20:49+00:00" />
<meta name="twitter:card" content="summary_large_image" />
<meta name="twitter:label1" content="Tiempo de lectura" />
	<meta name="twitter:data1" content="1 minuto" />
<script type="application/ld+json" class="yoast-schema-graph">{"@context":"https:\/\/schema.org","@graph":[{"@type":"WebPage","@id":"https:\/\/aprem-e.org\/index.php\/nino-nacido-prematuramente\/","url":"https:\/\/aprem-e.org\/index.php\/nino-nacido-prematuramente\/","name":"Niño nacido prematuramente - Aprem","isPartOf":{"@id":"https:\/\/aprem-e.org\/#website"},"datePublished":"2026-03-13T21:18:50+00:00","dateModified":"2026-03-13T21:20:49+00:00","breadcrumb":{"@id":"https:\/\/aprem-e.org\/index.php\/nino-nacido-prematuramente\/#breadcrumb"},"inLanguage":"es","potentialAction":[{"@type":"ReadAction","target":["https:\/\/aprem-e.org\/index.php\/nino-nacido-prematuramente\/"]}]},{"@type":"BreadcrumbList","@id":"https:\/\/aprem-e.org\/index.php\/nino-nacido-prematuramente\/#breadcrumb","itemListElement":[{"@type":"ListItem","position":1,"name":"Home","item":"https:\/\/aprem-e.org\/"},{"@type":"ListItem","position":2,"name":"Niño nacido prematuramente"}]},{"@type":"WebSite","@id":"https:\/\/aprem-e.org\/#website","url":"https:\/\/aprem-e.org\/","name":"Aprem","description":"Asociación de Padres de Niños Prematuros","publisher":{"@id":"https:\/\/aprem-e.org\/#organization"},"potentialAction":[{"@type":"SearchAction","target":{"@type":"EntryPoint","urlTemplate":"https:\/\/aprem-e.org\/?s={search_term_string}"},"query-input":{"@type":"PropertyValueSpecification","valueRequired":true,"valueName":"search_term_string"}}],"inLanguage":"es"},{"@type":"Organization","@id":"https:\/\/aprem-e.org\/#organization","name":"Aprem","url":"https:\/\/aprem-e.org\/","logo":{"@type":"ImageObject","inLanguage":"es","@id":"https:\/\/aprem-e.org\/#\/schema\/logo\/image\/","url":"https:\/\/aprem-e.org\/wp-content\/uploads\/2025\/09\/cropped-Logo-APREM_M1.png","contentUrl":"https:\/\/aprem-e.org\/wp-content\/uploads\/2025\/09\/cropped-Logo-APREM_M1.png","width":512,"height":512,"caption":"Aprem"},"image":{"@id":"https:\/\/aprem-e.org\/#\/schema\/logo\/image\/"}}]}</script>
<!-- / Yoast SEO plugin. -->

Niño nacido prematuramente - Aprem

Niñ@ nacid@ prematuramente Se dice que un niñ@ nace de forma prematura cuando lo hace antes de haberse completado 37 semanas de gestación, teniendo en cuenta que normalmente, el embarazo dura unas 40 semanas. ​Se consideran bebés “grandes prematuros” cuando el nacimiento se produce por debajo de las 32 semanas o cuando pesan menos de 1,500 kg.   La prematuridad [&hellip;]

Asociación de Padres de Niños Prematuros
