{"id":21309,"date":"2026-03-13T21:32:13","date_gmt":"2026-03-13T21:32:13","guid":{"rendered":"https:\/\/aprem-e.org\/?page_id=21309"},"modified":"2026-03-13T21:37:09","modified_gmt":"2026-03-13T21:37:09","slug":"edad-corregida-y-edad-cronologica","status":"publish","type":"page","link":"https:\/\/aprem-e.org\/index.php\/edad-corregida-y-edad-cronologica\/","title":{"rendered":"Edad corregida y edad cronol\u00f3gica"},"content":{"rendered":"\t\t<div data-elementor-type=\"wp-page\" data-elementor-id=\"21309\" class=\"elementor elementor-21309\" data-elementor-post-type=\"page\">\n\t\t\t\t<div class=\"elementor-element elementor-element-e89fc0c e-con-full e-flex e-con e-parent\" data-id=\"e89fc0c\" data-element_type=\"container\" data-e-type=\"container\" data-settings=\"{&quot;background_background&quot;:&quot;classic&quot;}\">\n\t\t\t\t<\/div>\n\t\t<div class=\"elementor-element elementor-element-3a6a364 e-flex e-con-boxed e-con e-parent\" data-id=\"3a6a364\" data-element_type=\"container\" data-e-type=\"container\">\n\t\t\t\t\t<div class=\"e-con-inner\">\n\t\t\t\t<div class=\"elementor-element elementor-element-68b0dfc elementor-widget elementor-widget-heading\" data-id=\"68b0dfc\" data-element_type=\"widget\" data-e-type=\"widget\" data-widget_type=\"heading.default\">\n\t\t\t\t\t<h2 class=\"elementor-heading-title elementor-size-default\">\u00bfQu\u00e9 significa?<\/h2>\t\t\t\t<\/div>\n\t\t\t\t<div class=\"elementor-element elementor-element-2ae61be elementor-widget__width-initial elementor-widget elementor-widget-text-editor\" data-id=\"2ae61be\" data-element_type=\"widget\" data-e-type=\"widget\" data-widget_type=\"text-editor.default\">\n\t\t\t\t\t\t\t\t\t<p><strong>La edad cronol\u00f3gica<\/strong>\u00a0es la que el beb\u00e9 tiene por su fecha real de nacimiento. Puesto que los beb\u00e9s que nacen prematuros lo hacen antes de tiempo, la edad corregida es la que tendr\u00eda si hubiese nacido en el momento en el que estaba previsto, es decir, si hubiese completado 40 semanas de gestaci\u00f3n.<\/p><p>Vamos a verlo con un ejemplo:<\/p><p>Supongamos que un beb\u00e9 tendr\u00eda que haber nacido el d\u00eda 1 de abril (cuando cumplir\u00eda 40 semanas de gestaci\u00f3n), sin embargo, nace el 29 de enero (con 31 semanas).<\/p><p>A d\u00eda 29 septiembre de ese a\u00f1o, este beb\u00e9 tendr\u00e1 8 meses de edad cronol\u00f3gica; pero su edad corregida ser\u00e1 de 5 meses y 27 d\u00edas, que es la que habr\u00eda tenido de haber nacido el 1 de abril.<\/p><p><strong>Existe actualmente una App m\u00f3vil (os dejamos el enlace de descarga al final de la entrada)<\/strong>\u00a0que nos permite un c\u00e1lculo r\u00e1pido y sencillo de la edad corregida. Se llama \u201cEdad Corregida\u201d y ha sido creada por \u00c1ngela G\u00e1mez (fisioterapeuta pedi\u00e1trica) y Antonio G\u00e1mez (inform\u00e1tico de sistemas), con el aval de la Sociedad Espa\u00f1ola de Fisioterapia en Pediatr\u00eda (SEFIP), la Asociaci\u00f3n Espa\u00f1ola de Intervenci\u00f3n en la Primera Infancia (AEIPI) y nuestra asociaci\u00f3n. Solo tenemos que introducir la fecha en la que hacemos el c\u00e1lculo, la de nacimiento y las semanas de gestaci\u00f3n que se completaron y la App nos devuelve la edad cronol\u00f3gica y la corregida.<\/p><h1>\u00bfEn qu\u00e9 impacta en la vida de nuestros hijos e hijas?<\/h1><p>La edad corregida es un dato que se utiliza durante los dos primeros a\u00f1os de la vida del ni\u00f1o o la ni\u00f1a para ver la evoluci\u00f3n de su desarrollo. Es muy importante tener esto en cuenta puesto que nos permite conocer con mayor exactitud en qu\u00e9 momento nos encontramos, cu\u00e1ndo podemos introducir determinados elementos en su alimentaci\u00f3n o esperar que haga determinadas cosas.<\/p><p>Volvamos al ejemplo del beb\u00e9 de antes: normalmente, alrededor de los 6 meses, un beb\u00e9 nacido a t\u00e9rmino empieza a sentarse solo y mantiene el cuerpo erguido sin apoyarse ni caerse. Entonces, cabr\u00eda esperar que nuestro beb\u00e9 en septiembre ya lo hubiese conseguido, puesto que tiene 8 meses de edad cronol\u00f3gica. Sin embargo, podemos ver que, posiblemente en septiembre o quiz\u00e1 algo m\u00e1s adelante es cuando est\u00e1 empezando a sentarse. \u00bfTendr\u00edamos que preocuparnos? Probablemente no, puesto que, si hubiese nacido cuando le correspond\u00eda (1 de abril) cumplir\u00eda los 6 meses en octubre y ser\u00eda entonces cuando observ\u00e1semos que alcanza este punto de su desarrollo.<\/p><p>Otra cosa que es necesario recordar es que cada beb\u00e9 es \u00fanico y los profesionales siempre tienen referencias con m\u00e1rgenes de tiempo para evaluar si el desarrollo es acorde a lo m\u00e1s frecuente o existen datos de alarma que hagan sospechar que algo no va bien. Ante cualquier duda, lo mejor es consultar.<\/p>\t\t\t\t\t\t\t\t<\/div>\n\t\t\t\t\t<\/div>\n\t\t\t\t<\/div>\n\t\t<div class=\"elementor-element elementor-element-e16b53a e-flex e-con-boxed e-con e-parent\" data-id=\"e16b53a\" data-element_type=\"container\" data-e-type=\"container\">\n\t\t\t\t\t<div class=\"e-con-inner\">\n\t\t\t\t<div class=\"elementor-element elementor-element-d6de1f0 elementor-align-center elementor-widget elementor-widget-button\" data-id=\"d6de1f0\" data-element_type=\"widget\" data-e-type=\"widget\" data-widget_type=\"button.default\">\n\t\t\t\t\t\t\t\t\t\t<a class=\"elementor-button elementor-button-link elementor-size-sm\" href=\"https:\/\/play.google.com\/store\/apps\/details?id=redesoft.edadcorregida\" target=\"_blank\">\n\t\t\t\t\t\t<span class=\"elementor-button-content-wrapper\">\n\t\t\t\t\t\t\t\t\t<span class=\"elementor-button-text\">Descarga nuestra  <\/span>\n\t\t\t\t\t<\/span>\n\t\t\t\t\t<\/a>\n\t\t\t\t\t\t\t\t<\/div>\n\t\t\t\t\t<\/div>\n\t\t\t\t<\/div>\n\t\t\t\t<\/div>\n\t\t","protected":false},"excerpt":{"rendered":"<p>\u00bfQu\u00e9 significa? La edad cronol\u00f3gica\u00a0es la que el beb\u00e9 tiene por su fecha real de nacimiento. Puesto que los beb\u00e9s que nacen prematuros lo hacen antes de tiempo, la edad corregida es la que tendr\u00eda si hubiese nacido en el momento en el que estaba previsto, es decir, si hubiese completado 40 semanas de gestaci\u00f3n. [&hellip;]<\/p>\n","protected":false},"author":1,"featured_media":0,"parent":0,"menu_order":0,"comment_status":"closed","ping_status":"closed","template":"","meta":{"inline_featured_image":false,"footnotes":""},"class_list":["post-21309","page","type-page","status-publish","hentry"],"yoast_head":"<!-- This site is optimized with the Yoast SEO plugin v27.4 - https:\/\/yoast.com\/product\/yoast-seo-wordpress\/ -->\n<title>Edad corregida y edad cronol\u00f3gica - Aprem<\/title>\n<meta name=\"robots\" content=\"index, follow, max-snippet:-1, max-image-preview:large, max-video-preview:-1\" \/>\n<link rel=\"canonical\" href=\"https:\/\/aprem-e.org\/index.php\/edad-corregida-y-edad-cronologica\/\" \/>\n<meta property=\"og:locale\" content=\"es_ES\" \/>\n<meta property=\"og:type\" content=\"article\" \/>\n<meta property=\"og:title\" content=\"Edad corregida y edad cronol\u00f3gica - Aprem\" \/>\n<meta property=\"og:description\" content=\"\u00bfQu\u00e9 significa? La edad cronol\u00f3gica\u00a0es la que el beb\u00e9 tiene por su fecha real de nacimiento. Puesto que los beb\u00e9s que nacen prematuros lo hacen antes de tiempo, la edad corregida es la que tendr\u00eda si hubiese nacido en el momento en el que estaba previsto, es decir, si hubiese completado 40 semanas de gestaci\u00f3n. [&hellip;]\" \/>\n<meta property=\"og:url\" content=\"https:\/\/aprem-e.org\/index.php\/edad-corregida-y-edad-cronologica\/\" \/>\n<meta property=\"og:site_name\" content=\"Aprem\" \/>\n<meta property=\"article:modified_time\" content=\"2026-03-13T21:37:09+00:00\" \/>\n<meta name=\"twitter:card\" content=\"summary_large_image\" \/>\n<meta name=\"twitter:label1\" content=\"Tiempo de lectura\" \/>\n\t<meta name=\"twitter:data1\" content=\"3 minutos\" \/>\n<script type=\"application\/ld+json\" class=\"yoast-schema-graph\">{\"@context\":\"https:\\\/\\\/schema.org\",\"@graph\":[{\"@type\":\"WebPage\",\"@id\":\"https:\\\/\\\/aprem-e.org\\\/index.php\\\/edad-corregida-y-edad-cronologica\\\/\",\"url\":\"https:\\\/\\\/aprem-e.org\\\/index.php\\\/edad-corregida-y-edad-cronologica\\\/\",\"name\":\"Edad corregida y edad cronol\u00f3gica - Aprem\",\"isPartOf\":{\"@id\":\"https:\\\/\\\/aprem-e.org\\\/#website\"},\"datePublished\":\"2026-03-13T21:32:13+00:00\",\"dateModified\":\"2026-03-13T21:37:09+00:00\",\"breadcrumb\":{\"@id\":\"https:\\\/\\\/aprem-e.org\\\/index.php\\\/edad-corregida-y-edad-cronologica\\\/#breadcrumb\"},\"inLanguage\":\"es\",\"potentialAction\":[{\"@type\":\"ReadAction\",\"target\":[\"https:\\\/\\\/aprem-e.org\\\/index.php\\\/edad-corregida-y-edad-cronologica\\\/\"]}]},{\"@type\":\"BreadcrumbList\",\"@id\":\"https:\\\/\\\/aprem-e.org\\\/index.php\\\/edad-corregida-y-edad-cronologica\\\/#breadcrumb\",\"itemListElement\":[{\"@type\":\"ListItem\",\"position\":1,\"name\":\"Home\",\"item\":\"https:\\\/\\\/aprem-e.org\\\/\"},{\"@type\":\"ListItem\",\"position\":2,\"name\":\"Edad corregida y edad cronol\u00f3gica\"}]},{\"@type\":\"WebSite\",\"@id\":\"https:\\\/\\\/aprem-e.org\\\/#website\",\"url\":\"https:\\\/\\\/aprem-e.org\\\/\",\"name\":\"Aprem\",\"description\":\"Asociaci\u00f3n de Padres de Ni\u00f1os Prematuros\",\"publisher\":{\"@id\":\"https:\\\/\\\/aprem-e.org\\\/#organization\"},\"potentialAction\":[{\"@type\":\"SearchAction\",\"target\":{\"@type\":\"EntryPoint\",\"urlTemplate\":\"https:\\\/\\\/aprem-e.org\\\/?s={search_term_string}\"},\"query-input\":{\"@type\":\"PropertyValueSpecification\",\"valueRequired\":true,\"valueName\":\"search_term_string\"}}],\"inLanguage\":\"es\"},{\"@type\":\"Organization\",\"@id\":\"https:\\\/\\\/aprem-e.org\\\/#organization\",\"name\":\"Aprem\",\"url\":\"https:\\\/\\\/aprem-e.org\\\/\",\"logo\":{\"@type\":\"ImageObject\",\"inLanguage\":\"es\",\"@id\":\"https:\\\/\\\/aprem-e.org\\\/#\\\/schema\\\/logo\\\/image\\\/\",\"url\":\"https:\\\/\\\/aprem-e.org\\\/wp-content\\\/uploads\\\/2025\\\/09\\\/cropped-Logo-APREM_M1.png\",\"contentUrl\":\"https:\\\/\\\/aprem-e.org\\\/wp-content\\\/uploads\\\/2025\\\/09\\\/cropped-Logo-APREM_M1.png\",\"width\":512,\"height\":512,\"caption\":\"Aprem\"},\"image\":{\"@id\":\"https:\\\/\\\/aprem-e.org\\\/#\\\/schema\\\/logo\\\/image\\\/\"}}]}<\/script>\n<!-- \/ Yoast SEO plugin. -->","yoast_head_json":{"title":"Edad corregida y edad cronol\u00f3gica - Aprem","robots":{"index":"index","follow":"follow","max-snippet":"max-snippet:-1","max-image-preview":"max-image-preview:large","max-video-preview":"max-video-preview:-1"},"canonical":"https:\/\/aprem-e.org\/index.php\/edad-corregida-y-edad-cronologica\/","og_locale":"es_ES","og_type":"article","og_title":"Edad corregida y edad cronol\u00f3gica - Aprem","og_description":"\u00bfQu\u00e9 significa? La edad cronol\u00f3gica\u00a0es la que el beb\u00e9 tiene por su fecha real de nacimiento. Puesto que los beb\u00e9s que nacen prematuros lo hacen antes de tiempo, la edad corregida es la que tendr\u00eda si hubiese nacido en el momento en el que estaba previsto, es decir, si hubiese completado 40 semanas de gestaci\u00f3n. [&hellip;]","og_url":"https:\/\/aprem-e.org\/index.php\/edad-corregida-y-edad-cronologica\/","og_site_name":"Aprem","article_modified_time":"2026-03-13T21:37:09+00:00","twitter_card":"summary_large_image","twitter_misc":{"Tiempo de lectura":"3 minutos"},"schema":{"@context":"https:\/\/schema.org","@graph":[{"@type":"WebPage","@id":"https:\/\/aprem-e.org\/index.php\/edad-corregida-y-edad-cronologica\/","url":"https:\/\/aprem-e.org\/index.php\/edad-corregida-y-edad-cronologica\/","name":"Edad corregida y edad cronol\u00f3gica - Aprem","isPartOf":{"@id":"https:\/\/aprem-e.org\/#website"},"datePublished":"2026-03-13T21:32:13+00:00","dateModified":"2026-03-13T21:37:09+00:00","breadcrumb":{"@id":"https:\/\/aprem-e.org\/index.php\/edad-corregida-y-edad-cronologica\/#breadcrumb"},"inLanguage":"es","potentialAction":[{"@type":"ReadAction","target":["https:\/\/aprem-e.org\/index.php\/edad-corregida-y-edad-cronologica\/"]}]},{"@type":"BreadcrumbList","@id":"https:\/\/aprem-e.org\/index.php\/edad-corregida-y-edad-cronologica\/#breadcrumb","itemListElement":[{"@type":"ListItem","position":1,"name":"Home","item":"https:\/\/aprem-e.org\/"},{"@type":"ListItem","position":2,"name":"Edad corregida y edad cronol\u00f3gica"}]},{"@type":"WebSite","@id":"https:\/\/aprem-e.org\/#website","url":"https:\/\/aprem-e.org\/","name":"Aprem","description":"Asociaci\u00f3n de Padres de Ni\u00f1os Prematuros","publisher":{"@id":"https:\/\/aprem-e.org\/#organization"},"potentialAction":[{"@type":"SearchAction","target":{"@type":"EntryPoint","urlTemplate":"https:\/\/aprem-e.org\/?s={search_term_string}"},"query-input":{"@type":"PropertyValueSpecification","valueRequired":true,"valueName":"search_term_string"}}],"inLanguage":"es"},{"@type":"Organization","@id":"https:\/\/aprem-e.org\/#organization","name":"Aprem","url":"https:\/\/aprem-e.org\/","logo":{"@type":"ImageObject","inLanguage":"es","@id":"https:\/\/aprem-e.org\/#\/schema\/logo\/image\/","url":"https:\/\/aprem-e.org\/wp-content\/uploads\/2025\/09\/cropped-Logo-APREM_M1.png","contentUrl":"https:\/\/aprem-e.org\/wp-content\/uploads\/2025\/09\/cropped-Logo-APREM_M1.png","width":512,"height":512,"caption":"Aprem"},"image":{"@id":"https:\/\/aprem-e.org\/#\/schema\/logo\/image\/"}}]}},"_links":{"self":[{"href":"https:\/\/aprem-e.org\/index.php\/wp-json\/wp\/v2\/pages\/21309","targetHints":{"allow":["GET"]}}],"collection":[{"href":"https:\/\/aprem-e.org\/index.php\/wp-json\/wp\/v2\/pages"}],"about":[{"href":"https:\/\/aprem-e.org\/index.php\/wp-json\/wp\/v2\/types\/page"}],"author":[{"embeddable":true,"href":"https:\/\/aprem-e.org\/index.php\/wp-json\/wp\/v2\/users\/1"}],"replies":[{"embeddable":true,"href":"https:\/\/aprem-e.org\/index.php\/wp-json\/wp\/v2\/comments?post=21309"}],"version-history":[{"count":4,"href":"https:\/\/aprem-e.org\/index.php\/wp-json\/wp\/v2\/pages\/21309\/revisions"}],"predecessor-version":[{"id":21315,"href":"https:\/\/aprem-e.org\/index.php\/wp-json\/wp\/v2\/pages\/21309\/revisions\/21315"}],"wp:attachment":[{"href":"https:\/\/aprem-e.org\/index.php\/wp-json\/wp\/v2\/media?parent=21309"}],"curies":[{"name":"wp","href":"https:\/\/api.w.org\/{rel}","templated":true}]}}

Edad corregida y edad cronológica

<div data-elementor-type="wp-page" data-elementor-id="21309" class="elementor elementor-21309" data-elementor-post-type="page">
				<div class="elementor-element elementor-element-e89fc0c e-con-full e-flex e-con e-parent" data-id="e89fc0c" data-element_type="container" data-e-type="container" data-settings="{&quot;background_background&quot;:&quot;classic&quot;}">
				</div>
		<div class="elementor-element elementor-element-3a6a364 e-flex e-con-boxed e-con e-parent" data-id="3a6a364" data-element_type="container" data-e-type="container">
					<div class="e-con-inner">
				<div class="elementor-element elementor-element-68b0dfc elementor-widget elementor-widget-heading" data-id="68b0dfc" data-element_type="widget" data-e-type="widget" data-widget_type="heading.default">
					<h2 class="elementor-heading-title elementor-size-default">¿Qué significa?</h2>				</div>
				<div class="elementor-element elementor-element-2ae61be elementor-widget__width-initial elementor-widget elementor-widget-text-editor" data-id="2ae61be" data-element_type="widget" data-e-type="widget" data-widget_type="text-editor.default">
									<p><strong>La edad cronológica</strong> es la que el bebé tiene por su fecha real de nacimiento. Puesto que los bebés que nacen prematuros lo hacen antes de tiempo, la edad corregida es la que tendría si hubiese nacido en el momento en el que estaba previsto, es decir, si hubiese completado 40 semanas de gestación.</p><p>Vamos a verlo con un ejemplo:</p><p>Supongamos que un bebé tendría que haber nacido el día 1 de abril (cuando cumpliría 40 semanas de gestación), sin embargo, nace el 29 de enero (con 31 semanas).</p><p>A día 29 septiembre de ese año, este bebé tendrá 8 meses de edad cronológica; pero su edad corregida será de 5 meses y 27 días, que es la que habría tenido de haber nacido el 1 de abril.</p><p><strong>Existe actualmente una App móvil (os dejamos el enlace de descarga al final de la entrada)</strong> que nos permite un cálculo rápido y sencillo de la edad corregida. Se llama “Edad Corregida” y ha sido creada por Ángela Gámez (fisioterapeuta pediátrica) y Antonio Gámez (informático de sistemas), con el aval de la Sociedad Española de Fisioterapia en Pediatría (SEFIP), la Asociación Española de Intervención en la Primera Infancia (AEIPI) y nuestra asociación. Solo tenemos que introducir la fecha en la que hacemos el cálculo, la de nacimiento y las semanas de gestación que se completaron y la App nos devuelve la edad cronológica y la corregida.</p><h1>¿En qué impacta en la vida de nuestros hijos e hijas?</h1><p>La edad corregida es un dato que se utiliza durante los dos primeros años de la vida del niño o la niña para ver la evolución de su desarrollo. Es muy importante tener esto en cuenta puesto que nos permite conocer con mayor exactitud en qué momento nos encontramos, cuándo podemos introducir determinados elementos en su alimentación o esperar que haga determinadas cosas.</p><p>Volvamos al ejemplo del bebé de antes: normalmente, alrededor de los 6 meses, un bebé nacido a término empieza a sentarse solo y mantiene el cuerpo erguido sin apoyarse ni caerse. Entonces, cabría esperar que nuestro bebé en septiembre ya lo hubiese conseguido, puesto que tiene 8 meses de edad cronológica. Sin embargo, podemos ver que, posiblemente en septiembre o quizá algo más adelante es cuando está empezando a sentarse. ¿Tendríamos que preocuparnos? Probablemente no, puesto que, si hubiese nacido cuando le correspondía (1 de abril) cumpliría los 6 meses en octubre y sería entonces cuando observásemos que alcanza este punto de su desarrollo.</p><p>Otra cosa que es necesario recordar es que cada bebé es único y los profesionales siempre tienen referencias con márgenes de tiempo para evaluar si el desarrollo es acorde a lo más frecuente o existen datos de alarma que hagan sospechar que algo no va bien. Ante cualquier duda, lo mejor es consultar.</p>								</div>
					</div>
				</div>
		<div class="elementor-element elementor-element-e16b53a e-flex e-con-boxed e-con e-parent" data-id="e16b53a" data-element_type="container" data-e-type="container">
					<div class="e-con-inner">
				<div class="elementor-element elementor-element-d6de1f0 elementor-align-center elementor-widget elementor-widget-button" data-id="d6de1f0" data-element_type="widget" data-e-type="widget" data-widget_type="button.default">
										<a class="elementor-button elementor-button-link elementor-size-sm" href="https://play.google.com/store/apps/details?id=redesoft.edadcorregida" target="_blank">
						<span class="elementor-button-content-wrapper">
									<span class="elementor-button-text">Descarga nuestra  </span>
					</span>
					</a>
								</div>
					</div>
				</div>
				</div>

<p>¿Qué significa? La edad cronológica es la que el bebé tiene por su fecha real de nacimiento. Puesto que los bebés que nacen prematuros lo hacen antes de tiempo, la edad corregida es la que tendría si hubiese nacido en el momento en el que estaba previsto, es decir, si hubiese completado 40 semanas de gestación. [&hellip;]</p>

<!-- This site is optimized with the Yoast SEO plugin v27.4 - https://yoast.com/product/yoast-seo-wordpress/ -->
<title>Edad corregida y edad cronológica - Aprem</title>
<meta name="robots" content="index, follow, max-snippet:-1, max-image-preview:large, max-video-preview:-1" />
<link rel="canonical" href="https://aprem-e.org/index.php/edad-corregida-y-edad-cronologica/" />
<meta property="og:locale" content="es_ES" />
<meta property="og:type" content="article" />
<meta property="og:title" content="Edad corregida y edad cronológica - Aprem" />
<meta property="og:description" content="¿Qué significa? La edad cronológica es la que el bebé tiene por su fecha real de nacimiento. Puesto que los bebés que nacen prematuros lo hacen antes de tiempo, la edad corregida es la que tendría si hubiese nacido en el momento en el que estaba previsto, es decir, si hubiese completado 40 semanas de gestación. [&hellip;]" />
<meta property="og:url" content="https://aprem-e.org/index.php/edad-corregida-y-edad-cronologica/" />
<meta property="og:site_name" content="Aprem" />
<meta property="article:modified_time" content="2026-03-13T21:37:09+00:00" />
<meta name="twitter:card" content="summary_large_image" />
<meta name="twitter:label1" content="Tiempo de lectura" />
	<meta name="twitter:data1" content="3 minutos" />
<script type="application/ld+json" class="yoast-schema-graph">{"@context":"https:\/\/schema.org","@graph":[{"@type":"WebPage","@id":"https:\/\/aprem-e.org\/index.php\/edad-corregida-y-edad-cronologica\/","url":"https:\/\/aprem-e.org\/index.php\/edad-corregida-y-edad-cronologica\/","name":"Edad corregida y edad cronológica - Aprem","isPartOf":{"@id":"https:\/\/aprem-e.org\/#website"},"datePublished":"2026-03-13T21:32:13+00:00","dateModified":"2026-03-13T21:37:09+00:00","breadcrumb":{"@id":"https:\/\/aprem-e.org\/index.php\/edad-corregida-y-edad-cronologica\/#breadcrumb"},"inLanguage":"es","potentialAction":[{"@type":"ReadAction","target":["https:\/\/aprem-e.org\/index.php\/edad-corregida-y-edad-cronologica\/"]}]},{"@type":"BreadcrumbList","@id":"https:\/\/aprem-e.org\/index.php\/edad-corregida-y-edad-cronologica\/#breadcrumb","itemListElement":[{"@type":"ListItem","position":1,"name":"Home","item":"https:\/\/aprem-e.org\/"},{"@type":"ListItem","position":2,"name":"Edad corregida y edad cronológica"}]},{"@type":"WebSite","@id":"https:\/\/aprem-e.org\/#website","url":"https:\/\/aprem-e.org\/","name":"Aprem","description":"Asociación de Padres de Niños Prematuros","publisher":{"@id":"https:\/\/aprem-e.org\/#organization"},"potentialAction":[{"@type":"SearchAction","target":{"@type":"EntryPoint","urlTemplate":"https:\/\/aprem-e.org\/?s={search_term_string}"},"query-input":{"@type":"PropertyValueSpecification","valueRequired":true,"valueName":"search_term_string"}}],"inLanguage":"es"},{"@type":"Organization","@id":"https:\/\/aprem-e.org\/#organization","name":"Aprem","url":"https:\/\/aprem-e.org\/","logo":{"@type":"ImageObject","inLanguage":"es","@id":"https:\/\/aprem-e.org\/#\/schema\/logo\/image\/","url":"https:\/\/aprem-e.org\/wp-content\/uploads\/2025\/09\/cropped-Logo-APREM_M1.png","contentUrl":"https:\/\/aprem-e.org\/wp-content\/uploads\/2025\/09\/cropped-Logo-APREM_M1.png","width":512,"height":512,"caption":"Aprem"},"image":{"@id":"https:\/\/aprem-e.org\/#\/schema\/logo\/image\/"}}]}</script>
<!-- / Yoast SEO plugin. -->

Edad corregida y edad cronológica - Aprem

¿Qué significa? La edad cronológica es la que el bebé tiene por su fecha real de nacimiento. Puesto que los bebés que nacen prematuros lo hacen antes de tiempo, la edad corregida es la que tendría si hubiese nacido en el momento en el que estaba previsto, es decir, si hubiese completado 40 semanas de gestación. [&hellip;]

Asociación de Padres de Niños Prematuros
