{"id":21325,"date":"2026-03-16T06:07:41","date_gmt":"2026-03-16T06:07:41","guid":{"rendered":"https:\/\/aprem-e.org\/?page_id=21325"},"modified":"2026-03-16T06:17:35","modified_gmt":"2026-03-16T06:17:35","slug":"atencion-temprana","status":"publish","type":"page","link":"https:\/\/aprem-e.org\/index.php\/atencion-temprana\/","title":{"rendered":"Atenci\u00f3n Temprana"},"content":{"rendered":"\t\t<div data-elementor-type=\"wp-page\" data-elementor-id=\"21325\" class=\"elementor elementor-21325\" data-elementor-post-type=\"page\">\n\t\t\t\t<div class=\"elementor-element elementor-element-3b4275a e-flex e-con-boxed e-con e-parent\" data-id=\"3b4275a\" data-element_type=\"container\" data-e-type=\"container\">\n\t\t\t\t\t<div class=\"e-con-inner\">\n\t\t\t\t<div class=\"elementor-element elementor-element-ccf7b30 elementor-widget elementor-widget-heading\" data-id=\"ccf7b30\" data-element_type=\"widget\" data-e-type=\"widget\" data-widget_type=\"heading.default\">\n\t\t\t\t\t<h2 class=\"elementor-heading-title elementor-size-default\">\u00bfQu\u00e9 es Atenci\u00f3n Temprana? \u00bfPor qu\u00e9 puede ser necesaria para mi hijo? \u00bfPara qu\u00e9 sirve?<\/h2>\t\t\t\t<\/div>\n\t\t\t\t<div class=\"elementor-element elementor-element-709dc23 elementor-widget__width-initial elementor-widget elementor-widget-text-editor\" data-id=\"709dc23\" data-element_type=\"widget\" data-e-type=\"widget\" data-widget_type=\"text-editor.default\">\n\t\t\t\t\t\t\t\t\t<p>La Atenci\u00f3n Temprana es el marco que mejor puede dar respuesta a la necesidad de seguir de cerca el desarrollo de nuestros ni\u00f1os en su primera infancia, ya que constituye el conjunto de intervenciones, dirigidas a la poblaci\u00f3n infantil de 0-6 a\u00f1os, a la familia y al entorno, que tienen por objetivo dar respuesta lo m\u00e1s pronto posible a las necesidades transitorias o permanentes que presentan los ni\u00f1os con trastornos en su desarrollo o que tienen el riesgo de padecerlos. Estas intervenciones, que deben considerar la globalidad del ni\u00f1o, han de ser planificadas por un equipo de profesionales de orientaci\u00f3n interdisciplinar o transdisciplinar (Libro blanco de la Atenci\u00f3n Temprana).<\/p>\t\t\t\t\t\t\t\t<\/div>\n\t\t<div class=\"elementor-element elementor-element-e64d28b e-con-full e-flex e-con e-child\" data-id=\"e64d28b\" data-element_type=\"container\" data-e-type=\"container\">\n\t\t\t\t<div class=\"elementor-element elementor-element-2d1271b elementor-widget elementor-widget-image\" data-id=\"2d1271b\" data-element_type=\"widget\" data-e-type=\"widget\" data-widget_type=\"image.default\">\n\t\t\t\t\t\t\t\t\t\t\t\t\t\t\t<img fetchpriority=\"high\" decoding=\"async\" width=\"250\" height=\"406\" src=\"https:\/\/aprem-e.org\/wp-content\/uploads\/2026\/03\/newborn-photo-shoot-png-e1634284068411-pel8xy8fm82gw4jgm9bvreb813yyw4ygoh0y0xb2ho.png\" class=\"attachment-large size-large wp-image-21327\" alt=\"\" srcset=\"https:\/\/aprem-e.org\/wp-content\/uploads\/2026\/03\/newborn-photo-shoot-png-e1634284068411-pel8xy8fm82gw4jgm9bvreb813yyw4ygoh0y0xb2ho.png 250w, https:\/\/aprem-e.org\/wp-content\/uploads\/2026\/03\/newborn-photo-shoot-png-e1634284068411-pel8xy8fm82gw4jgm9bvreb813yyw4ygoh0y0xb2ho-185x300.png 185w\" sizes=\"(max-width: 250px) 100vw, 250px\" \/>\t\t\t\t\t\t\t\t\t\t\t\t\t\t\t<\/div>\n\t\t\t\t<div class=\"elementor-element elementor-element-2304405 elementor-widget__width-initial elementor-widget elementor-widget-text-editor\" data-id=\"2304405\" data-element_type=\"widget\" data-e-type=\"widget\" data-widget_type=\"text-editor.default\">\n\t\t\t\t\t\t\t\t\t<h1>Los ni\u00f1os prematuros y la Atenci\u00f3n Temprana (A.T.)<\/h1><p><br \/>Para todos los ni\u00f1os prematuros es recomendable, por raz\u00f3n de sus circunstancias al nacer, con o sin complicaciones a\u00f1adidas, pero principalmente los nacidos con una edad gestacional inferior a 28 semanas o con un peso inferior a 1.500 gramos:<\/p><ul><li>Valorar su estado y necesidades especiales de atenci\u00f3n, en todos los \u00e1mbitos (teniendo en cuenta los aspectos intrapersonales, biol\u00f3gicos, psicosociales y educativos, y los interpersonales, relacionados con su propio entorno) y no s\u00f3lo el d\u00e9ficit o discapacidad que pueda presentar.<\/li><li>Establecer un procedimiento de seguimiento de su progreso.<\/li><li>En caso de considerarlo adecuado, disponer de un plan de tratamiento individualizado en funci\u00f3n de sus necesidades espec\u00edficas y de las de la familia (Atenci\u00f3n Temprana)..<\/li><\/ul>\t\t\t\t\t\t\t\t<\/div>\n\t\t\t\t<\/div>\n\t\t\t\t\t<\/div>\n\t\t\t\t<\/div>\n\t\t<div class=\"elementor-element elementor-element-270f981 e-flex e-con-boxed e-con e-parent\" data-id=\"270f981\" data-element_type=\"container\" data-e-type=\"container\">\n\t\t\t\t\t<div class=\"e-con-inner\">\n\t\t\t\t<div class=\"elementor-element elementor-element-6731fae elementor-widget__width-initial elementor-widget elementor-widget-text-editor\" data-id=\"6731fae\" data-element_type=\"widget\" data-e-type=\"widget\" data-widget_type=\"text-editor.default\">\n\t\t\t\t\t\t\t\t\t<p>Este sistema de atenci\u00f3n socio-sanitaria-educativa especializada que se denomina Atenci\u00f3n Temprana\u00a0tiene como finalidad evitar las secuelas derivadas de las circunstancias de vuestro hijo al nacer o, si estas finalmente se producen, de paliar sus efectos.\u00a0<\/p><p>Los ni\u00f1os nacidos prematuros ni\u00f1os presentan un riesgo biol\u00f3gico de morbilidad, con probabilidad de sufrir trastornos de crecimiento, neurol\u00f3gicos, sensoriales y\/o psicol\u00f3gicos, por lo que, inmediatamente despu\u00e9s del alta hospitalaria, y previa solicitud por parte de los profesionales de Neonatolog\u00eda, deben ser derivados al organismo responsable de Atenci\u00f3n Temprana de la Comunidad Aut\u00f3noma donde resida la familia, con el fin de que los profesionales correspondientes (especialistas en desarrollo, trabajadores sociales, fisioterapeutas, terapeutas ocupacionales, logopedas, psicomotricistas, pedagogos, psic\u00f3logos) valoren la situaci\u00f3n y planifiquen y ejecuten el plan de actuaci\u00f3n, si fuera necesario, y\/o de seguimiento del desarrollo.<\/p>\t\t\t\t\t\t\t\t<\/div>\n\t\t\t\t\t<\/div>\n\t\t\t\t<\/div>\n\t\t<div class=\"elementor-element elementor-element-89c01ef e-flex e-con-boxed e-con e-parent\" data-id=\"89c01ef\" data-element_type=\"container\" data-e-type=\"container\">\n\t\t\t\t\t<div class=\"e-con-inner\">\n\t\t<div class=\"elementor-element elementor-element-726f674 e-con-full e-flex e-con e-child\" data-id=\"726f674\" data-element_type=\"container\" data-e-type=\"container\">\n\t\t\t\t<div class=\"elementor-element elementor-element-8576bb2 elementor-widget elementor-widget-image\" data-id=\"8576bb2\" data-element_type=\"widget\" data-e-type=\"widget\" data-widget_type=\"image.default\">\n\t\t\t\t\t\t\t\t\t\t\t\t\t\t\t<img decoding=\"async\" width=\"800\" height=\"566\" src=\"https:\/\/aprem-e.org\/wp-content\/uploads\/2026\/03\/feet-of-newborn-baby-2021-08-31-09-13-48-utc-scaled-e1634200522837-820x580-1.jpg\" class=\"attachment-large size-large wp-image-21329\" alt=\"\" srcset=\"https:\/\/aprem-e.org\/wp-content\/uploads\/2026\/03\/feet-of-newborn-baby-2021-08-31-09-13-48-utc-scaled-e1634200522837-820x580-1.jpg 820w, https:\/\/aprem-e.org\/wp-content\/uploads\/2026\/03\/feet-of-newborn-baby-2021-08-31-09-13-48-utc-scaled-e1634200522837-820x580-1-300x212.jpg 300w, https:\/\/aprem-e.org\/wp-content\/uploads\/2026\/03\/feet-of-newborn-baby-2021-08-31-09-13-48-utc-scaled-e1634200522837-820x580-1-768x543.jpg 768w\" sizes=\"(max-width: 800px) 100vw, 800px\" \/>\t\t\t\t\t\t\t\t\t\t\t\t\t\t\t<\/div>\n\t\t\t\t<div class=\"elementor-element elementor-element-d551908 elementor-widget__width-initial elementor-widget elementor-widget-text-editor\" data-id=\"d551908\" data-element_type=\"widget\" data-e-type=\"widget\" data-widget_type=\"text-editor.default\">\n\t\t\t\t\t\t\t\t\t<h1>Los objetivos espec\u00edficos de la Atenci\u00f3n Temprana son:<\/h1><ul><li>Reducir los efectos de una deficiencia o d\u00e9ficit sobre el conjunto global del desarrollo del ni\u00f1o.<\/li><li>Optimizar en la medida de lo posible, el curso de desarrollo del ni\u00f1o ;introducir los mecanismos necesarios de compensaci\u00f3n, de eliminaci\u00f3n de barreras y adaptaci\u00f3n a necesidades espec\u00edficas.<\/li><li>Evitar o reducir la aparici\u00f3n de efectos o d\u00e9ficits secundarios o asociados producidos por un trastorno o situaci\u00f3n de alto riesgo.<\/li><li>Atender y cubrir las necesidades y demandas de la familia y el entorno en el que vive el ni\u00f1o.<\/li><li>Considerar al ni\u00f1o como sujeto activo de la intervenci\u00f3n.<\/li><\/ul>\t\t\t\t\t\t\t\t<\/div>\n\t\t\t\t<\/div>\n\t\t\t\t\t<\/div>\n\t\t\t\t<\/div>\n\t\t<div class=\"elementor-element elementor-element-19590c0 e-flex e-con-boxed e-con e-parent\" data-id=\"19590c0\" data-element_type=\"container\" data-e-type=\"container\">\n\t\t\t\t\t<div class=\"e-con-inner\">\n\t\t\t\t<div class=\"elementor-element elementor-element-29b70cd elementor-widget__width-initial elementor-widget elementor-widget-text-editor\" data-id=\"29b70cd\" data-element_type=\"widget\" data-e-type=\"widget\" data-widget_type=\"text-editor.default\">\n\t\t\t\t\t\t\t\t\t<p>No todos los ni\u00f1os prematuros necesitan tratamiento de A.T. pero todos los ni\u00f1os prematuros, por tratarse de ni\u00f1os de riesgo biol\u00f3gico, precisan una valoraci\u00f3n que determine si lo necesitan y un plan de seguimiento que permita evaluar su evoluci\u00f3n y detectar precozmente nuevas necesidades de atenci\u00f3n por desviaciones en su desarrollo<\/p><p>Los factores de riesgo, que no se refieren a deficiencias diagnosticadas, son diversas circunstancias (psicol\u00f3gicas, sociales, biol\u00f3gicas\u2026) que pueden interferir en el desarrollo de vuestro hijo, no permiti\u00e9ndole seguir su curso normal. Estos factores pueden influir en el ni\u00f1o en la etapa pre, peri o post natal. Una de las v\u00edas de evitar que un ni\u00f1o con riesgo desarrolle alteraciones permanentes es la Atenci\u00f3n Temprana preventiva, que evita que el factor de riesgo se convierta en una deficiencia instalada.<\/p><p>Si los profesionales sanitarios que han atendido a vuestro hijo en Neonatolog\u00eda no lo derivan por propia iniciativa al organismo responsable de A.T. para valoraci\u00f3n:<\/p><ul><li>En algunas Comunidades Aut\u00f3nomas pod\u00e9is solicitar la valoraci\u00f3n vosotros directamente contactando con el organismo o centro competente,<\/li><li>Si eso no es posible, pedidle al profesional que tenga esa potestad (Neonat\u00f3logo, Pediatra de Atenci\u00f3n Primaria,\u2026) que lo haga.<\/li><\/ul>\t\t\t\t\t\t\t\t<\/div>\n\t\t\t\t\t<\/div>\n\t\t\t\t<\/div>\n\t\t<div class=\"elementor-element elementor-element-5577274 e-flex e-con-boxed e-con e-parent\" data-id=\"5577274\" data-element_type=\"container\" data-e-type=\"container\">\n\t\t\t\t\t<div class=\"e-con-inner\">\n\t\t\t\t<div class=\"elementor-element elementor-element-0f1a4f5 elementor-widget elementor-widget-heading\" data-id=\"0f1a4f5\" data-element_type=\"widget\" data-e-type=\"widget\" data-widget_type=\"heading.default\">\n\t\t\t\t\t<h2 class=\"elementor-heading-title elementor-size-default\">La Atenci\u00f3n Temprana debe comenzar cuanto antes para aprovechar adecuadamente el periodo de mayor plasticidad cerebral de vuestro hijo.<\/h2>\t\t\t\t<\/div>\n\t\t<div class=\"elementor-element elementor-element-ee992b7 e-con-full e-flex e-con e-child\" data-id=\"ee992b7\" data-element_type=\"container\" data-e-type=\"container\">\n\t\t\t\t<div class=\"elementor-element elementor-element-7b9b6c9 elementor-widget elementor-widget-image\" data-id=\"7b9b6c9\" data-element_type=\"widget\" data-e-type=\"widget\" data-widget_type=\"image.default\">\n\t\t\t\t\t\t\t\t\t\t\t\t\t\t\t<img decoding=\"async\" width=\"300\" height=\"256\" src=\"https:\/\/aprem-e.org\/wp-content\/uploads\/2026\/03\/bebe-apertura-PNG-e1634284582965-pel9bddhszsxjifysd8scu5b4511knvzltnfpxldkw.png\" class=\"attachment-large size-large wp-image-21330\" alt=\"\" \/>\t\t\t\t\t\t\t\t\t\t\t\t\t\t\t<\/div>\n\t\t\t\t<div class=\"elementor-element elementor-element-cb3c918 elementor-widget__width-initial elementor-widget elementor-widget-text-editor\" data-id=\"cb3c918\" data-element_type=\"widget\" data-e-type=\"widget\" data-widget_type=\"text-editor.default\">\n\t\t\t\t\t\t\t\t\t<p>La plasticidad cerebral se mantiene alta durante los primeros a\u00f1os, pero decrece con la edad, luego lo que no se hace en cuanto se produce la detecci\u00f3n del riesgo quedar\u00e1 sin hacer. Por este motivo hay hospitales que ofrecen Atenci\u00f3n Temprana desde el momento en que el ni\u00f1o nace e ingresa en Neonatolog\u00eda y hasta el alta hospitalaria o hasta que el ni\u00f1o, si lo necesita, consigue plaza para Atenci\u00f3n Temprana en un centro habilitado para ello.<\/p><p>Poned todo de vuestra parte para que el acceso de vuestro hijo al organismo responsable de Atenci\u00f3n Temprana sea lo m\u00e1s r\u00e1pido posible, porque puede que asuntos de tipo administrativo o de falta de coordinaci\u00f3n entre las organizaciones implicadas en Atenci\u00f3n Temprana provoquen retrasos en el acceso de vuestro hijo a la atenci\u00f3n que necesita.\u00a0<\/p>\t\t\t\t\t\t\t\t<\/div>\n\t\t\t\t<\/div>\n\t\t\t\t<div class=\"elementor-element elementor-element-d6a2e96 elementor-widget__width-initial elementor-widget elementor-widget-text-editor\" data-id=\"d6a2e96\" data-element_type=\"widget\" data-e-type=\"widget\" data-widget_type=\"text-editor.default\">\n\t\t\t\t\t\t\t\t\t<p>Las secuelas de haber nacido antes de tiempo o con bajo peso pueden aparecer desde el momento del nacimiento hasta el final del periodo de desarrollo y maduraci\u00f3n del ni\u00f1o. Por eso es tan importante, aunque vuestro hijo en un principio no necesite servicios de tratamiento de Atenci\u00f3n Temprana, que realice las revisiones de seguimiento recomendadas por los profesionales. Respetar el procedimiento de seguimiento establecido hace posible la detecci\u00f3n precoz de problemas no encontrados anteriormente y permite reaccionar a tiempo e incluir al ni\u00f1o, si lo precisa, en un programa de Atenci\u00f3n Temprana en el momento adecuado<\/p>\t\t\t\t\t\t\t\t<\/div>\n\t\t\t\t\t<\/div>\n\t\t\t\t<\/div>\n\t\t<div class=\"elementor-element elementor-element-1b4fb60 e-flex e-con-boxed e-con e-parent\" data-id=\"1b4fb60\" data-element_type=\"container\" data-e-type=\"container\">\n\t\t\t\t\t<div class=\"e-con-inner\">\n\t\t\t\t<div class=\"elementor-element elementor-element-ab0f3ab elementor-widget elementor-widget-heading\" data-id=\"ab0f3ab\" data-element_type=\"widget\" data-e-type=\"widget\" data-widget_type=\"heading.default\">\n\t\t\t\t\t<h2 class=\"elementor-heading-title elementor-size-default\">Los padres somos las personas m\u00e1s importantes y determinantes en la vida de nuestros hijos, y consecuentemente en su cuidado:<\/h2>\t\t\t\t<\/div>\n\t\t<div class=\"elementor-element elementor-element-3518c74 e-con-full e-flex e-con e-child\" data-id=\"3518c74\" data-element_type=\"container\" data-e-type=\"container\">\n\t\t\t\t<div class=\"elementor-element elementor-element-dc7e8c5 elementor-widget__width-initial elementor-widget elementor-widget-text-editor\" data-id=\"dc7e8c5\" data-element_type=\"widget\" data-e-type=\"widget\" data-widget_type=\"text-editor.default\">\n\t\t\t\t\t\t\t\t\t<div class=\"elementor-element elementor-element-d728477 elementor-widget elementor-widget-text-editor\" data-id=\"d728477\" data-element_type=\"widget\" data-e-type=\"widget\" data-widget_type=\"text-editor.default\"><div class=\"elementor-widget-container\"><ul><li>Somos el soporte en el que se apoya todo su proceso de desarrollo.<\/li><li>Muchas veces somos los primeros en percibir que algo no va bien.<\/li><li>Somos los que podemos aportar m\u00e1s y mejor informaci\u00f3n sobre el estado y progreso de nuestro hijo.<\/li><li>Porque ellos no pueden hacerlo, somos los que luchamos porque se cumplan sus derechos. La Atenci\u00f3n Temprana es un derecho.<\/li><\/ul><\/div><\/div><div class=\"elementor-element elementor-element-f6f89fc elementor-widget elementor-widget-text-editor\" data-id=\"f6f89fc\" data-element_type=\"widget\" data-e-type=\"widget\" data-widget_type=\"text-editor.default\"><div class=\"elementor-widget-container\"><p><strong>Si no sab\u00e9is algo, PREGUNTAD; si necesit\u00e1is algo, PEDID; y siempre, PERSEVERAD.\u00a0<\/strong>La implicaci\u00f3n familiar resulta crucial, como elemento indispensable para favorecer la interacci\u00f3n afectiva y emocional as\u00ed como para lograr la m\u00e1xima eficacia de los tratamientos.<\/p><\/div><\/div>\t\t\t\t\t\t\t\t<\/div>\n\t\t\t\t<\/div>\n\t\t\t\t\t<\/div>\n\t\t\t\t<\/div>\n\t\t\t\t<\/div>\n\t\t","protected":false},"excerpt":{"rendered":"<p>\u00bfQu\u00e9 es Atenci\u00f3n Temprana? \u00bfPor qu\u00e9 puede ser necesaria para mi hijo? \u00bfPara qu\u00e9 sirve? La Atenci\u00f3n Temprana es el marco que mejor puede dar respuesta a la necesidad de seguir de cerca el desarrollo de nuestros ni\u00f1os en su primera infancia, ya que constituye el conjunto de intervenciones, dirigidas a la poblaci\u00f3n infantil de [&hellip;]<\/p>\n","protected":false},"author":1,"featured_media":0,"parent":0,"menu_order":0,"comment_status":"closed","ping_status":"closed","template":"","meta":{"inline_featured_image":false,"footnotes":""},"class_list":["post-21325","page","type-page","status-publish","hentry"],"yoast_head":"<!-- This site is optimized with the Yoast SEO plugin v27.4 - https:\/\/yoast.com\/product\/yoast-seo-wordpress\/ -->\n<title>Atenci\u00f3n Temprana - Aprem<\/title>\n<meta name=\"robots\" content=\"index, follow, max-snippet:-1, max-image-preview:large, max-video-preview:-1\" \/>\n<link rel=\"canonical\" href=\"https:\/\/aprem-e.org\/index.php\/atencion-temprana\/\" \/>\n<meta property=\"og:locale\" content=\"es_ES\" \/>\n<meta property=\"og:type\" content=\"article\" \/>\n<meta property=\"og:title\" content=\"Atenci\u00f3n Temprana - Aprem\" \/>\n<meta property=\"og:description\" content=\"\u00bfQu\u00e9 es Atenci\u00f3n Temprana? \u00bfPor qu\u00e9 puede ser necesaria para mi hijo? \u00bfPara qu\u00e9 sirve? La Atenci\u00f3n Temprana es el marco que mejor puede dar respuesta a la necesidad de seguir de cerca el desarrollo de nuestros ni\u00f1os en su primera infancia, ya que constituye el conjunto de intervenciones, dirigidas a la poblaci\u00f3n infantil de [&hellip;]\" \/>\n<meta property=\"og:url\" content=\"https:\/\/aprem-e.org\/index.php\/atencion-temprana\/\" \/>\n<meta property=\"og:site_name\" content=\"Aprem\" \/>\n<meta property=\"article:modified_time\" content=\"2026-03-16T06:17:35+00:00\" \/>\n<meta property=\"og:image\" content=\"https:\/\/aprem-e.org\/wp-content\/uploads\/2026\/03\/newborn-photo-shoot-png-e1634284068411-pel8xy8fm82gw4jgm9bvreb813yyw4ygoh0y0xb2ho.png\" \/>\n\t<meta property=\"og:image:width\" content=\"250\" \/>\n\t<meta property=\"og:image:height\" content=\"406\" \/>\n\t<meta property=\"og:image:type\" content=\"image\/png\" \/>\n<meta name=\"twitter:card\" content=\"summary_large_image\" \/>\n<meta name=\"twitter:label1\" content=\"Tiempo de lectura\" \/>\n\t<meta name=\"twitter:data1\" content=\"1 minuto\" \/>\n<script type=\"application\/ld+json\" class=\"yoast-schema-graph\">{\"@context\":\"https:\\\/\\\/schema.org\",\"@graph\":[{\"@type\":\"WebPage\",\"@id\":\"https:\\\/\\\/aprem-e.org\\\/index.php\\\/atencion-temprana\\\/\",\"url\":\"https:\\\/\\\/aprem-e.org\\\/index.php\\\/atencion-temprana\\\/\",\"name\":\"Atenci\u00f3n Temprana - Aprem\",\"isPartOf\":{\"@id\":\"https:\\\/\\\/aprem-e.org\\\/#website\"},\"primaryImageOfPage\":{\"@id\":\"https:\\\/\\\/aprem-e.org\\\/index.php\\\/atencion-temprana\\\/#primaryimage\"},\"image\":{\"@id\":\"https:\\\/\\\/aprem-e.org\\\/index.php\\\/atencion-temprana\\\/#primaryimage\"},\"thumbnailUrl\":\"https:\\\/\\\/aprem-e.org\\\/wp-content\\\/uploads\\\/2026\\\/03\\\/newborn-photo-shoot-png-e1634284068411-pel8xy8fm82gw4jgm9bvreb813yyw4ygoh0y0xb2ho.png\",\"datePublished\":\"2026-03-16T06:07:41+00:00\",\"dateModified\":\"2026-03-16T06:17:35+00:00\",\"breadcrumb\":{\"@id\":\"https:\\\/\\\/aprem-e.org\\\/index.php\\\/atencion-temprana\\\/#breadcrumb\"},\"inLanguage\":\"es\",\"potentialAction\":[{\"@type\":\"ReadAction\",\"target\":[\"https:\\\/\\\/aprem-e.org\\\/index.php\\\/atencion-temprana\\\/\"]}]},{\"@type\":\"ImageObject\",\"inLanguage\":\"es\",\"@id\":\"https:\\\/\\\/aprem-e.org\\\/index.php\\\/atencion-temprana\\\/#primaryimage\",\"url\":\"https:\\\/\\\/aprem-e.org\\\/wp-content\\\/uploads\\\/2026\\\/03\\\/newborn-photo-shoot-png-e1634284068411-pel8xy8fm82gw4jgm9bvreb813yyw4ygoh0y0xb2ho.png\",\"contentUrl\":\"https:\\\/\\\/aprem-e.org\\\/wp-content\\\/uploads\\\/2026\\\/03\\\/newborn-photo-shoot-png-e1634284068411-pel8xy8fm82gw4jgm9bvreb813yyw4ygoh0y0xb2ho.png\",\"width\":250,\"height\":406},{\"@type\":\"BreadcrumbList\",\"@id\":\"https:\\\/\\\/aprem-e.org\\\/index.php\\\/atencion-temprana\\\/#breadcrumb\",\"itemListElement\":[{\"@type\":\"ListItem\",\"position\":1,\"name\":\"Home\",\"item\":\"https:\\\/\\\/aprem-e.org\\\/\"},{\"@type\":\"ListItem\",\"position\":2,\"name\":\"Atenci\u00f3n Temprana\"}]},{\"@type\":\"WebSite\",\"@id\":\"https:\\\/\\\/aprem-e.org\\\/#website\",\"url\":\"https:\\\/\\\/aprem-e.org\\\/\",\"name\":\"Aprem\",\"description\":\"Asociaci\u00f3n de Padres de Ni\u00f1os Prematuros\",\"publisher\":{\"@id\":\"https:\\\/\\\/aprem-e.org\\\/#organization\"},\"potentialAction\":[{\"@type\":\"SearchAction\",\"target\":{\"@type\":\"EntryPoint\",\"urlTemplate\":\"https:\\\/\\\/aprem-e.org\\\/?s={search_term_string}\"},\"query-input\":{\"@type\":\"PropertyValueSpecification\",\"valueRequired\":true,\"valueName\":\"search_term_string\"}}],\"inLanguage\":\"es\"},{\"@type\":\"Organization\",\"@id\":\"https:\\\/\\\/aprem-e.org\\\/#organization\",\"name\":\"Aprem\",\"url\":\"https:\\\/\\\/aprem-e.org\\\/\",\"logo\":{\"@type\":\"ImageObject\",\"inLanguage\":\"es\",\"@id\":\"https:\\\/\\\/aprem-e.org\\\/#\\\/schema\\\/logo\\\/image\\\/\",\"url\":\"https:\\\/\\\/aprem-e.org\\\/wp-content\\\/uploads\\\/2025\\\/09\\\/cropped-Logo-APREM_M1.png\",\"contentUrl\":\"https:\\\/\\\/aprem-e.org\\\/wp-content\\\/uploads\\\/2025\\\/09\\\/cropped-Logo-APREM_M1.png\",\"width\":512,\"height\":512,\"caption\":\"Aprem\"},\"image\":{\"@id\":\"https:\\\/\\\/aprem-e.org\\\/#\\\/schema\\\/logo\\\/image\\\/\"}}]}<\/script>\n<!-- \/ Yoast SEO plugin. -->","yoast_head_json":{"title":"Atenci\u00f3n Temprana - Aprem","robots":{"index":"index","follow":"follow","max-snippet":"max-snippet:-1","max-image-preview":"max-image-preview:large","max-video-preview":"max-video-preview:-1"},"canonical":"https:\/\/aprem-e.org\/index.php\/atencion-temprana\/","og_locale":"es_ES","og_type":"article","og_title":"Atenci\u00f3n Temprana - Aprem","og_description":"\u00bfQu\u00e9 es Atenci\u00f3n Temprana? \u00bfPor qu\u00e9 puede ser necesaria para mi hijo? \u00bfPara qu\u00e9 sirve? La Atenci\u00f3n Temprana es el marco que mejor puede dar respuesta a la necesidad de seguir de cerca el desarrollo de nuestros ni\u00f1os en su primera infancia, ya que constituye el conjunto de intervenciones, dirigidas a la poblaci\u00f3n infantil de [&hellip;]","og_url":"https:\/\/aprem-e.org\/index.php\/atencion-temprana\/","og_site_name":"Aprem","article_modified_time":"2026-03-16T06:17:35+00:00","og_image":[{"width":250,"height":406,"url":"https:\/\/aprem-e.org\/wp-content\/uploads\/2026\/03\/newborn-photo-shoot-png-e1634284068411-pel8xy8fm82gw4jgm9bvreb813yyw4ygoh0y0xb2ho.png","type":"image\/png"}],"twitter_card":"summary_large_image","twitter_misc":{"Tiempo de lectura":"1 minuto"},"schema":{"@context":"https:\/\/schema.org","@graph":[{"@type":"WebPage","@id":"https:\/\/aprem-e.org\/index.php\/atencion-temprana\/","url":"https:\/\/aprem-e.org\/index.php\/atencion-temprana\/","name":"Atenci\u00f3n Temprana - Aprem","isPartOf":{"@id":"https:\/\/aprem-e.org\/#website"},"primaryImageOfPage":{"@id":"https:\/\/aprem-e.org\/index.php\/atencion-temprana\/#primaryimage"},"image":{"@id":"https:\/\/aprem-e.org\/index.php\/atencion-temprana\/#primaryimage"},"thumbnailUrl":"https:\/\/aprem-e.org\/wp-content\/uploads\/2026\/03\/newborn-photo-shoot-png-e1634284068411-pel8xy8fm82gw4jgm9bvreb813yyw4ygoh0y0xb2ho.png","datePublished":"2026-03-16T06:07:41+00:00","dateModified":"2026-03-16T06:17:35+00:00","breadcrumb":{"@id":"https:\/\/aprem-e.org\/index.php\/atencion-temprana\/#breadcrumb"},"inLanguage":"es","potentialAction":[{"@type":"ReadAction","target":["https:\/\/aprem-e.org\/index.php\/atencion-temprana\/"]}]},{"@type":"ImageObject","inLanguage":"es","@id":"https:\/\/aprem-e.org\/index.php\/atencion-temprana\/#primaryimage","url":"https:\/\/aprem-e.org\/wp-content\/uploads\/2026\/03\/newborn-photo-shoot-png-e1634284068411-pel8xy8fm82gw4jgm9bvreb813yyw4ygoh0y0xb2ho.png","contentUrl":"https:\/\/aprem-e.org\/wp-content\/uploads\/2026\/03\/newborn-photo-shoot-png-e1634284068411-pel8xy8fm82gw4jgm9bvreb813yyw4ygoh0y0xb2ho.png","width":250,"height":406},{"@type":"BreadcrumbList","@id":"https:\/\/aprem-e.org\/index.php\/atencion-temprana\/#breadcrumb","itemListElement":[{"@type":"ListItem","position":1,"name":"Home","item":"https:\/\/aprem-e.org\/"},{"@type":"ListItem","position":2,"name":"Atenci\u00f3n Temprana"}]},{"@type":"WebSite","@id":"https:\/\/aprem-e.org\/#website","url":"https:\/\/aprem-e.org\/","name":"Aprem","description":"Asociaci\u00f3n de Padres de Ni\u00f1os Prematuros","publisher":{"@id":"https:\/\/aprem-e.org\/#organization"},"potentialAction":[{"@type":"SearchAction","target":{"@type":"EntryPoint","urlTemplate":"https:\/\/aprem-e.org\/?s={search_term_string}"},"query-input":{"@type":"PropertyValueSpecification","valueRequired":true,"valueName":"search_term_string"}}],"inLanguage":"es"},{"@type":"Organization","@id":"https:\/\/aprem-e.org\/#organization","name":"Aprem","url":"https:\/\/aprem-e.org\/","logo":{"@type":"ImageObject","inLanguage":"es","@id":"https:\/\/aprem-e.org\/#\/schema\/logo\/image\/","url":"https:\/\/aprem-e.org\/wp-content\/uploads\/2025\/09\/cropped-Logo-APREM_M1.png","contentUrl":"https:\/\/aprem-e.org\/wp-content\/uploads\/2025\/09\/cropped-Logo-APREM_M1.png","width":512,"height":512,"caption":"Aprem"},"image":{"@id":"https:\/\/aprem-e.org\/#\/schema\/logo\/image\/"}}]}},"_links":{"self":[{"href":"https:\/\/aprem-e.org\/index.php\/wp-json\/wp\/v2\/pages\/21325","targetHints":{"allow":["GET"]}}],"collection":[{"href":"https:\/\/aprem-e.org\/index.php\/wp-json\/wp\/v2\/pages"}],"about":[{"href":"https:\/\/aprem-e.org\/index.php\/wp-json\/wp\/v2\/types\/page"}],"author":[{"embeddable":true,"href":"https:\/\/aprem-e.org\/index.php\/wp-json\/wp\/v2\/users\/1"}],"replies":[{"embeddable":true,"href":"https:\/\/aprem-e.org\/index.php\/wp-json\/wp\/v2\/comments?post=21325"}],"version-history":[{"count":4,"href":"https:\/\/aprem-e.org\/index.php\/wp-json\/wp\/v2\/pages\/21325\/revisions"}],"predecessor-version":[{"id":21333,"href":"https:\/\/aprem-e.org\/index.php\/wp-json\/wp\/v2\/pages\/21325\/revisions\/21333"}],"wp:attachment":[{"href":"https:\/\/aprem-e.org\/index.php\/wp-json\/wp\/v2\/media?parent=21325"}],"curies":[{"name":"wp","href":"https:\/\/api.w.org\/{rel}","templated":true}]}}