{"id":424,"date":"2025-11-07T12:56:24","date_gmt":"2025-11-07T12:56:24","guid":{"rendered":"https:\/\/aprem-e.org\/?page_id=424"},"modified":"2026-01-27T03:01:52","modified_gmt":"2026-01-27T03:01:52","slug":"tribus-aprem","status":"publish","type":"page","link":"https:\/\/aprem-e.org\/index.php\/tribus-aprem\/","title":{"rendered":"Tribus APREM"},"content":{"rendered":"\t\t<div data-elementor-type=\"wp-page\" data-elementor-id=\"424\" class=\"elementor elementor-424\" data-elementor-post-type=\"page\">\n\t\t\t\t<div class=\"elementor-element elementor-element-39ffc98 e-flex e-con-boxed e-con e-parent\" data-id=\"39ffc98\" data-element_type=\"container\" data-e-type=\"container\">\n\t\t\t\t\t<div class=\"e-con-inner\">\n\t\t\t\t<div class=\"elementor-element elementor-element-e24d1b6 elementor-widget elementor-widget-heading\" data-id=\"e24d1b6\" data-element_type=\"widget\" data-e-type=\"widget\" data-widget_type=\"heading.default\">\n\t\t\t\t\t<h2 class=\"elementor-heading-title elementor-size-default\">Tribus APREM<\/h2>\t\t\t\t<\/div>\n\t\t\t\t<div class=\"elementor-element elementor-element-b225c4d elementor-widget__width-initial elementor-widget elementor-widget-text-editor\" data-id=\"b225c4d\" data-element_type=\"widget\" data-e-type=\"widget\" data-widget_type=\"text-editor.default\">\n\t\t\t\t\t\t\t\t\t<p><span style=\"font-weight: 400;\">Las <\/span><b>Tribus APREM<\/b><span style=\"font-weight: 400;\"> son espacios de encuentro donde las familias con beb\u00e9s prematuros pueden compartir experiencias, resolver dudas y sentirse acompa\u00f1adas.<\/span><span style=\"font-weight: 400;\"><br \/><\/span><span style=\"font-weight: 400;\"> Un lugar donde hablar con calma sobre lo que preocupa, lo que emociona y lo que ayuda en el d\u00eda a d\u00eda.<\/span><\/p><p><span style=\"font-weight: 400;\">En cada encuentro hay un <\/span><b>profesional invitado<\/b><span style=\"font-weight: 400;\"> (de \u00e1reas como alimentaci\u00f3n, fisioterapia, porteo, desarrollo infantil o atenci\u00f3n temprana) que comparte su conocimiento y responde a las preguntas que las familias van planteando.<\/span><\/p>\t\t\t\t\t\t\t\t<\/div>\n\t\t\t\t\t<\/div>\n\t\t\t\t<\/div>\n\t\t<div class=\"elementor-element elementor-element-7fe48d7 e-flex e-con-boxed e-con e-parent\" data-id=\"7fe48d7\" data-element_type=\"container\" data-e-type=\"container\">\n\t\t\t\t\t<div class=\"e-con-inner\">\n\t\t<div class=\"elementor-element elementor-element-d3431e7 e-con-full e-flex e-con e-child\" data-id=\"d3431e7\" data-element_type=\"container\" data-e-type=\"container\">\n\t\t\t\t<div class=\"elementor-element elementor-element-34bc8d3 elementor-widget__width-initial elementor-widget elementor-widget-text-editor\" data-id=\"34bc8d3\" data-element_type=\"widget\" data-e-type=\"widget\" data-widget_type=\"text-editor.default\">\n\t\t\t\t\t\t\t\t\t<p><span style=\"font-weight: 400;\">\ud83d\udc49 En <\/span><b>APREM Baleares<\/b><span style=\"font-weight: 400;\"> se celebran dos encuentros al mes, siempre<\/span><span style=\"font-weight: 400;\">\u00a0en un ambiente cercano y familiar.<\/span><span style=\"font-weight: 400;\"><br \/><\/span><span style=\"font-weight: 400;\"> Cada sesi\u00f3n es \u00fanica, porque est\u00e1 pensada a partir de las necesidades reales de las familias que participan.<\/span><\/p><p><span style=\"font-weight: 400;\">\ud83d\uddd3\ufe0f <\/span><b>Para conocer las pr\u00f3ximas fechas y tem\u00e1ticas<\/b><span style=\"font-weight: 400;\">, puedes seguirnos en Instagram:<\/span><span style=\"font-weight: 400;\"><br \/><\/span><span style=\"font-weight: 400;\"> \ud83d\udd17<\/span><a href=\"https:\/\/www.instagram.com\/aprem_baleares\/\"> <span style=\"font-weight: 400;\">@aprem_baleares<\/span><\/a><\/p><p><span style=\"font-weight: 400;\">Porque cuando las familias se re\u00fanen, <\/span><b>la fuerza se multiplica<\/b><\/p>\t\t\t\t\t\t\t\t<\/div>\n\t\t\t\t<\/div>\n\t\t<div class=\"elementor-element elementor-element-2b33f6c e-con-full e-flex e-con e-child\" data-id=\"2b33f6c\" data-element_type=\"container\" data-e-type=\"container\">\n\t\t\t\t<div class=\"elementor-element elementor-element-73759ed elementor-widget elementor-widget-image\" data-id=\"73759ed\" data-element_type=\"widget\" data-e-type=\"widget\" data-widget_type=\"image.default\">\n\t\t\t\t\t\t\t\t\t\t\t\t\t\t\t<img fetchpriority=\"high\" decoding=\"async\" width=\"800\" height=\"600\" src=\"https:\/\/aprem-e.org\/wp-content\/uploads\/2025\/11\/I.APBal180925.12TribuPresentacionCuentacuentos-1024x768.jpg\" class=\"attachment-large size-large wp-image-427\" alt=\"\" srcset=\"https:\/\/aprem-e.org\/wp-content\/uploads\/2025\/11\/I.APBal180925.12TribuPresentacionCuentacuentos-1024x768.jpg 1024w, https:\/\/aprem-e.org\/wp-content\/uploads\/2025\/11\/I.APBal180925.12TribuPresentacionCuentacuentos-300x225.jpg 300w, https:\/\/aprem-e.org\/wp-content\/uploads\/2025\/11\/I.APBal180925.12TribuPresentacionCuentacuentos-768x576.jpg 768w, https:\/\/aprem-e.org\/wp-content\/uploads\/2025\/11\/I.APBal180925.12TribuPresentacionCuentacuentos-1536x1152.jpg 1536w, https:\/\/aprem-e.org\/wp-content\/uploads\/2025\/11\/I.APBal180925.12TribuPresentacionCuentacuentos.jpg 1600w\" sizes=\"(max-width: 800px) 100vw, 800px\" \/>\t\t\t\t\t\t\t\t\t\t\t\t\t\t\t<\/div>\n\t\t\t\t<\/div>\n\t\t\t\t\t<\/div>\n\t\t\t\t<\/div>\n\t\t\t\t<\/div>\n\t\t","protected":false},"excerpt":{"rendered":"<p>Tribus APREM Las Tribus APREM son espacios de encuentro donde las familias con beb\u00e9s prematuros pueden compartir experiencias, resolver dudas y sentirse acompa\u00f1adas. Un lugar donde hablar con calma sobre lo que preocupa, lo que emociona y lo que ayuda en el d\u00eda a d\u00eda. En cada encuentro hay un profesional invitado (de \u00e1reas como [&hellip;]<\/p>\n","protected":false},"author":1,"featured_media":0,"parent":0,"menu_order":0,"comment_status":"closed","ping_status":"closed","template":"","meta":{"inline_featured_image":false,"footnotes":""},"class_list":["post-424","page","type-page","status-publish","hentry"],"yoast_head":"<!-- This site is optimized with the Yoast SEO plugin v27.4 - https:\/\/yoast.com\/product\/yoast-seo-wordpress\/ -->\n<title>Tribus APREM - Aprem<\/title>\n<meta name=\"robots\" content=\"index, follow, max-snippet:-1, max-image-preview:large, max-video-preview:-1\" \/>\n<link rel=\"canonical\" href=\"https:\/\/aprem-e.org\/index.php\/tribus-aprem\/\" \/>\n<meta property=\"og:locale\" content=\"es_ES\" \/>\n<meta property=\"og:type\" content=\"article\" \/>\n<meta property=\"og:title\" content=\"Tribus APREM - Aprem\" \/>\n<meta property=\"og:description\" content=\"Tribus APREM Las Tribus APREM son espacios de encuentro donde las familias con beb\u00e9s prematuros pueden compartir experiencias, resolver dudas y sentirse acompa\u00f1adas. Un lugar donde hablar con calma sobre lo que preocupa, lo que emociona y lo que ayuda en el d\u00eda a d\u00eda. En cada encuentro hay un profesional invitado (de \u00e1reas como [&hellip;]\" \/>\n<meta property=\"og:url\" content=\"https:\/\/aprem-e.org\/index.php\/tribus-aprem\/\" \/>\n<meta property=\"og:site_name\" content=\"Aprem\" \/>\n<meta property=\"article:modified_time\" content=\"2026-01-27T03:01:52+00:00\" \/>\n<meta property=\"og:image\" content=\"https:\/\/aprem-e.org\/wp-content\/uploads\/2025\/11\/I.APBal180925.12TribuPresentacionCuentacuentos.jpg\" \/>\n\t<meta property=\"og:image:width\" content=\"1600\" \/>\n\t<meta property=\"og:image:height\" content=\"1200\" \/>\n\t<meta property=\"og:image:type\" content=\"image\/jpeg\" \/>\n<meta name=\"twitter:card\" content=\"summary_large_image\" \/>\n<meta name=\"twitter:label1\" content=\"Tiempo de lectura\" \/>\n\t<meta name=\"twitter:data1\" content=\"2 minutos\" \/>\n<script type=\"application\/ld+json\" class=\"yoast-schema-graph\">{\"@context\":\"https:\\\/\\\/schema.org\",\"@graph\":[{\"@type\":\"WebPage\",\"@id\":\"https:\\\/\\\/aprem-e.org\\\/index.php\\\/tribus-aprem\\\/\",\"url\":\"https:\\\/\\\/aprem-e.org\\\/index.php\\\/tribus-aprem\\\/\",\"name\":\"Tribus APREM - Aprem\",\"isPartOf\":{\"@id\":\"https:\\\/\\\/aprem-e.org\\\/#website\"},\"primaryImageOfPage\":{\"@id\":\"https:\\\/\\\/aprem-e.org\\\/index.php\\\/tribus-aprem\\\/#primaryimage\"},\"image\":{\"@id\":\"https:\\\/\\\/aprem-e.org\\\/index.php\\\/tribus-aprem\\\/#primaryimage\"},\"thumbnailUrl\":\"https:\\\/\\\/aprem-e.org\\\/wp-content\\\/uploads\\\/2025\\\/11\\\/I.APBal180925.12TribuPresentacionCuentacuentos-1024x768.jpg\",\"datePublished\":\"2025-11-07T12:56:24+00:00\",\"dateModified\":\"2026-01-27T03:01:52+00:00\",\"breadcrumb\":{\"@id\":\"https:\\\/\\\/aprem-e.org\\\/index.php\\\/tribus-aprem\\\/#breadcrumb\"},\"inLanguage\":\"es\",\"potentialAction\":[{\"@type\":\"ReadAction\",\"target\":[\"https:\\\/\\\/aprem-e.org\\\/index.php\\\/tribus-aprem\\\/\"]}]},{\"@type\":\"ImageObject\",\"inLanguage\":\"es\",\"@id\":\"https:\\\/\\\/aprem-e.org\\\/index.php\\\/tribus-aprem\\\/#primaryimage\",\"url\":\"https:\\\/\\\/aprem-e.org\\\/wp-content\\\/uploads\\\/2025\\\/11\\\/I.APBal180925.12TribuPresentacionCuentacuentos.jpg\",\"contentUrl\":\"https:\\\/\\\/aprem-e.org\\\/wp-content\\\/uploads\\\/2025\\\/11\\\/I.APBal180925.12TribuPresentacionCuentacuentos.jpg\",\"width\":1600,\"height\":1200},{\"@type\":\"BreadcrumbList\",\"@id\":\"https:\\\/\\\/aprem-e.org\\\/index.php\\\/tribus-aprem\\\/#breadcrumb\",\"itemListElement\":[{\"@type\":\"ListItem\",\"position\":1,\"name\":\"Home\",\"item\":\"https:\\\/\\\/aprem-e.org\\\/\"},{\"@type\":\"ListItem\",\"position\":2,\"name\":\"Tribus APREM\"}]},{\"@type\":\"WebSite\",\"@id\":\"https:\\\/\\\/aprem-e.org\\\/#website\",\"url\":\"https:\\\/\\\/aprem-e.org\\\/\",\"name\":\"Aprem\",\"description\":\"Asociaci\u00f3n de Padres de Ni\u00f1os Prematuros\",\"publisher\":{\"@id\":\"https:\\\/\\\/aprem-e.org\\\/#organization\"},\"potentialAction\":[{\"@type\":\"SearchAction\",\"target\":{\"@type\":\"EntryPoint\",\"urlTemplate\":\"https:\\\/\\\/aprem-e.org\\\/?s={search_term_string}\"},\"query-input\":{\"@type\":\"PropertyValueSpecification\",\"valueRequired\":true,\"valueName\":\"search_term_string\"}}],\"inLanguage\":\"es\"},{\"@type\":\"Organization\",\"@id\":\"https:\\\/\\\/aprem-e.org\\\/#organization\",\"name\":\"Aprem\",\"url\":\"https:\\\/\\\/aprem-e.org\\\/\",\"logo\":{\"@type\":\"ImageObject\",\"inLanguage\":\"es\",\"@id\":\"https:\\\/\\\/aprem-e.org\\\/#\\\/schema\\\/logo\\\/image\\\/\",\"url\":\"https:\\\/\\\/aprem-e.org\\\/wp-content\\\/uploads\\\/2025\\\/09\\\/cropped-Logo-APREM_M1.png\",\"contentUrl\":\"https:\\\/\\\/aprem-e.org\\\/wp-content\\\/uploads\\\/2025\\\/09\\\/cropped-Logo-APREM_M1.png\",\"width\":512,\"height\":512,\"caption\":\"Aprem\"},\"image\":{\"@id\":\"https:\\\/\\\/aprem-e.org\\\/#\\\/schema\\\/logo\\\/image\\\/\"}}]}<\/script>\n<!-- \/ Yoast SEO plugin. -->","yoast_head_json":{"title":"Tribus APREM - Aprem","robots":{"index":"index","follow":"follow","max-snippet":"max-snippet:-1","max-image-preview":"max-image-preview:large","max-video-preview":"max-video-preview:-1"},"canonical":"https:\/\/aprem-e.org\/index.php\/tribus-aprem\/","og_locale":"es_ES","og_type":"article","og_title":"Tribus APREM - Aprem","og_description":"Tribus APREM Las Tribus APREM son espacios de encuentro donde las familias con beb\u00e9s prematuros pueden compartir experiencias, resolver dudas y sentirse acompa\u00f1adas. Un lugar donde hablar con calma sobre lo que preocupa, lo que emociona y lo que ayuda en el d\u00eda a d\u00eda. En cada encuentro hay un profesional invitado (de \u00e1reas como [&hellip;]","og_url":"https:\/\/aprem-e.org\/index.php\/tribus-aprem\/","og_site_name":"Aprem","article_modified_time":"2026-01-27T03:01:52+00:00","og_image":[{"width":1600,"height":1200,"url":"https:\/\/aprem-e.org\/wp-content\/uploads\/2025\/11\/I.APBal180925.12TribuPresentacionCuentacuentos.jpg","type":"image\/jpeg"}],"twitter_card":"summary_large_image","twitter_misc":{"Tiempo de lectura":"2 minutos"},"schema":{"@context":"https:\/\/schema.org","@graph":[{"@type":"WebPage","@id":"https:\/\/aprem-e.org\/index.php\/tribus-aprem\/","url":"https:\/\/aprem-e.org\/index.php\/tribus-aprem\/","name":"Tribus APREM - Aprem","isPartOf":{"@id":"https:\/\/aprem-e.org\/#website"},"primaryImageOfPage":{"@id":"https:\/\/aprem-e.org\/index.php\/tribus-aprem\/#primaryimage"},"image":{"@id":"https:\/\/aprem-e.org\/index.php\/tribus-aprem\/#primaryimage"},"thumbnailUrl":"https:\/\/aprem-e.org\/wp-content\/uploads\/2025\/11\/I.APBal180925.12TribuPresentacionCuentacuentos-1024x768.jpg","datePublished":"2025-11-07T12:56:24+00:00","dateModified":"2026-01-27T03:01:52+00:00","breadcrumb":{"@id":"https:\/\/aprem-e.org\/index.php\/tribus-aprem\/#breadcrumb"},"inLanguage":"es","potentialAction":[{"@type":"ReadAction","target":["https:\/\/aprem-e.org\/index.php\/tribus-aprem\/"]}]},{"@type":"ImageObject","inLanguage":"es","@id":"https:\/\/aprem-e.org\/index.php\/tribus-aprem\/#primaryimage","url":"https:\/\/aprem-e.org\/wp-content\/uploads\/2025\/11\/I.APBal180925.12TribuPresentacionCuentacuentos.jpg","contentUrl":"https:\/\/aprem-e.org\/wp-content\/uploads\/2025\/11\/I.APBal180925.12TribuPresentacionCuentacuentos.jpg","width":1600,"height":1200},{"@type":"BreadcrumbList","@id":"https:\/\/aprem-e.org\/index.php\/tribus-aprem\/#breadcrumb","itemListElement":[{"@type":"ListItem","position":1,"name":"Home","item":"https:\/\/aprem-e.org\/"},{"@type":"ListItem","position":2,"name":"Tribus APREM"}]},{"@type":"WebSite","@id":"https:\/\/aprem-e.org\/#website","url":"https:\/\/aprem-e.org\/","name":"Aprem","description":"Asociaci\u00f3n de Padres de Ni\u00f1os Prematuros","publisher":{"@id":"https:\/\/aprem-e.org\/#organization"},"potentialAction":[{"@type":"SearchAction","target":{"@type":"EntryPoint","urlTemplate":"https:\/\/aprem-e.org\/?s={search_term_string}"},"query-input":{"@type":"PropertyValueSpecification","valueRequired":true,"valueName":"search_term_string"}}],"inLanguage":"es"},{"@type":"Organization","@id":"https:\/\/aprem-e.org\/#organization","name":"Aprem","url":"https:\/\/aprem-e.org\/","logo":{"@type":"ImageObject","inLanguage":"es","@id":"https:\/\/aprem-e.org\/#\/schema\/logo\/image\/","url":"https:\/\/aprem-e.org\/wp-content\/uploads\/2025\/09\/cropped-Logo-APREM_M1.png","contentUrl":"https:\/\/aprem-e.org\/wp-content\/uploads\/2025\/09\/cropped-Logo-APREM_M1.png","width":512,"height":512,"caption":"Aprem"},"image":{"@id":"https:\/\/aprem-e.org\/#\/schema\/logo\/image\/"}}]}},"_links":{"self":[{"href":"https:\/\/aprem-e.org\/index.php\/wp-json\/wp\/v2\/pages\/424","targetHints":{"allow":["GET"]}}],"collection":[{"href":"https:\/\/aprem-e.org\/index.php\/wp-json\/wp\/v2\/pages"}],"about":[{"href":"https:\/\/aprem-e.org\/index.php\/wp-json\/wp\/v2\/types\/page"}],"author":[{"embeddable":true,"href":"https:\/\/aprem-e.org\/index.php\/wp-json\/wp\/v2\/users\/1"}],"replies":[{"embeddable":true,"href":"https:\/\/aprem-e.org\/index.php\/wp-json\/wp\/v2\/comments?post=424"}],"version-history":[{"count":10,"href":"https:\/\/aprem-e.org\/index.php\/wp-json\/wp\/v2\/pages\/424\/revisions"}],"predecessor-version":[{"id":908,"href":"https:\/\/aprem-e.org\/index.php\/wp-json\/wp\/v2\/pages\/424\/revisions\/908"}],"wp:attachment":[{"href":"https:\/\/aprem-e.org\/index.php\/wp-json\/wp\/v2\/media?parent=424"}],"curies":[{"name":"wp","href":"https:\/\/api.w.org\/{rel}","templated":true}]}}